{"id":8127,"date":"2026-01-29T21:09:42","date_gmt":"2026-01-29T20:09:42","guid":{"rendered":"https:\/\/atelierdessoufflants.com\/?post_type=product&#038;p=8127"},"modified":"2026-03-20T19:32:27","modified_gmt":"2026-03-20T18:32:27","slug":"selmer-serie-3-saxophone-alto-finition-vernisrevision-ok-etui-et-bec-selmer","status":"publish","type":"product","link":"https:\/\/atelierdessoufflants.com\/index.php\/produit\/selmer-serie-3-saxophone-alto-finition-vernisrevision-ok-etui-et-bec-selmer\/","title":{"rendered":"SELMER S\u00c9RIE 3 SAXOPHONE ALTO [finition vernis, r\u00e9vision OK + \u00e9tui GATOR et bec SELMER ]"},"content":{"rendered":"<p><strong>GAMME : PRO<\/strong><br \/>\n<strong>ANN\u00c9E : 2002<\/strong><br \/>\n<strong>N\u00b0s\u00e9rie :636251<\/strong><\/p>\n<p>Saxophone alto SELMER s\u00e9rie 3 finition vernis.<br \/>\noccasion en bon \u00e9tat m\u00e9canique, tampons d&rsquo;origine + tampons r\u00e9sonateur plastiques sur les aigu et les graves chang\u00e9 par l\u2019ancien propri\u00e9taire, le reste \u00e9tant en m\u00e9tal d&rsquo;origine.<br \/>\ntrace d&rsquo;utilisation sur les supports de pouce (pi\u00e8ces changeable sur demande), vernis piqu\u00e9 \u00e0 ne nombreux endroits + rayures diverses. pas de traces de chocs ou r\u00e9parations<br \/>\nenti\u00e8rement r\u00e9vis\u00e9<\/p>\n<p>avec \u00e9tui forme GATOR + bec SELMER S90 avec ligature et couvre bec<\/p>\n<p><a href=\"https:\/\/www.selmer.fr\/products\/saxophone-alto-serie-iii?variant=42940948906153\" target=\"_blank\" rel=\"noopener\">INFOS sur le site du fabricant ICI<\/a><\/p>\n<p><strong>prix neuf entre 5800 et 6500 euros<\/strong><\/p>\n<p><strong>GARANTIE 1 AN<\/strong><\/p>\n","protected":false},"excerpt":{"rendered":"<p>saxophone fran\u00e7ais haut de gamme<\/p>\n","protected":false},"featured_media":8292,"template":"","meta":[],"product_brand":[66],"product_cat":[17,37],"product_tag":[],"class_list":{"0":"post-8127","1":"product","2":"type-product","3":"status-publish","4":"has-post-thumbnail","6":"product_brand-henri-selmer-paris","7":"product_cat-occasions","8":"product_cat-saxophones","10":"first","11":"instock","12":"sold-individually","13":"shipping-taxable","14":"purchasable","15":"product-type-simple"},"_links":{"self":[{"href":"https:\/\/atelierdessoufflants.com\/index.php\/wp-json\/wp\/v2\/product\/8127","targetHints":{"allow":["GET"]}}],"collection":[{"href":"https:\/\/atelierdessoufflants.com\/index.php\/wp-json\/wp\/v2\/product"}],"about":[{"href":"https:\/\/atelierdessoufflants.com\/index.php\/wp-json\/wp\/v2\/types\/product"}],"wp:featuredmedia":[{"embeddable":true,"href":"https:\/\/atelierdessoufflants.com\/index.php\/wp-json\/wp\/v2\/media\/8292"}],"wp:attachment":[{"href":"https:\/\/atelierdessoufflants.com\/index.php\/wp-json\/wp\/v2\/media?parent=8127"}],"wp:term":[{"taxonomy":"product_brand","embeddable":true,"href":"https:\/\/atelierdessoufflants.com\/index.php\/wp-json\/wp\/v2\/product_brand?post=8127"},{"taxonomy":"product_cat","embeddable":true,"href":"https:\/\/atelierdessoufflants.com\/index.php\/wp-json\/wp\/v2\/product_cat?post=8127"},{"taxonomy":"product_tag","embeddable":true,"href":"https:\/\/atelierdessoufflants.com\/index.php\/wp-json\/wp\/v2\/product_tag?post=8127"}],"curies":[{"name":"wp","href":"https:\/\/api.w.org\/{rel}","templated":true}]}}