{"id":8078,"date":"2026-01-17T19:29:46","date_gmt":"2026-01-17T18:29:46","guid":{"rendered":"https:\/\/atelierdessoufflants.com\/?post_type=product&#038;p=8078"},"modified":"2026-01-21T16:26:05","modified_gmt":"2026-01-21T15:26:05","slug":"clarinette-buffet-crampon-evette-schaeffer-k-france-tout-ebenetampons-cuir-neufbec-etui-neuf","status":"publish","type":"product","link":"https:\/\/atelierdessoufflants.com\/index.php\/produit\/clarinette-buffet-crampon-evette-schaeffer-k-france-tout-ebenetampons-cuir-neufbec-etui-neuf\/","title":{"rendered":"Clarinette Buffet Crampon Evette &#038; Schaeffer K s\u00e9ries France  [TOUT \u00c9B\u00c8NE,TAMPONS CUIR NEUF+BEC+ \u00c9TUI NEUF]"},"content":{"rendered":"<p><strong>GAMME : semi-pro<\/strong><br \/>\n<strong>ANN\u00c9E : 1978-1985<\/strong><br \/>\n<strong>N\u00b0s\u00e9rie :\u00a0<\/strong><strong>K56817<\/strong><\/p>\n<p>Une clarinette issue de la c\u00e9l\u00e8bre manufacture de clarinette\u00a0 Buffet Crampon (\u00e0 Mantes la Jolie).<br \/>\nMod\u00e8le \u00ab\u00a0Evette &amp; Schaeffer\u00a0\u00bb s\u00e9rie K, tout \u00e9b\u00e8ne fabriqu\u00e9 dans les ateliers de la marque Fran\u00e7aise, elle a toutes les caract\u00e9ristiques techniques d&rsquo;une gamme semi-professionnelle voir professionnelle pour l&rsquo;\u00e9poque.<br \/>\nMod\u00e8le proche de la E13 de la marque.<br \/>\nFinition cl\u00e9s nickel\u00e9es, ressorts plats et aiguilles bleuies, vis \u00e0 pointe et tenons en li\u00e8ges naturels, grande qualit\u00e9 de fabrication.<\/p>\n<p>Enti\u00e8rement refaite \u00e0 l&rsquo;atelier, instrument mont\u00e9 avec tampons cuir et li\u00e8ge (tampons cuir blanc MARTIN CHANU France), garnitures neuves.<\/p>\n<p>remarque: les leviers des graves ont \u00e9taient modernis\u00e9s avec montage sur pitons en delrin moderne\u00a0 comme actuellement (moins d&rsquo;entretien et de bruit), la vis de r\u00e9glage SOL#\/LA \u00e9galement<\/p>\n<p>vendu avec \u00e9tui sac \u00e0 dos neuf et bec + ligature et couvre bec Buffet Crampon<\/p>\n<p><strong>Valeur neuf mod\u00e8le actuel environ 1500-2000 euros <\/strong><\/p>\n<p><strong>GARANTIE 1 AN<\/strong><\/p>\n","protected":false},"excerpt":{"rendered":"<p>Mod\u00e8le semi-pro, Buffet Crampon (France) s\u00e9rie K, tampons cuir neuf,\u00a0 TBE g\u00e9n\u00e9ral<\/p>\n","protected":false},"featured_media":8083,"template":"","meta":[],"product_brand":[72],"product_cat":[36,67,17],"product_tag":[],"class_list":{"0":"post-8078","1":"product","2":"type-product","3":"status-publish","4":"has-post-thumbnail","6":"product_brand-buffet-crampon","7":"product_cat-clarinettes","8":"product_cat-clarinettes-occasions","9":"product_cat-occasions","11":"first","12":"instock","13":"sold-individually","14":"shipping-taxable","15":"purchasable","16":"product-type-simple"},"_links":{"self":[{"href":"https:\/\/atelierdessoufflants.com\/index.php\/wp-json\/wp\/v2\/product\/8078","targetHints":{"allow":["GET"]}}],"collection":[{"href":"https:\/\/atelierdessoufflants.com\/index.php\/wp-json\/wp\/v2\/product"}],"about":[{"href":"https:\/\/atelierdessoufflants.com\/index.php\/wp-json\/wp\/v2\/types\/product"}],"wp:featuredmedia":[{"embeddable":true,"href":"https:\/\/atelierdessoufflants.com\/index.php\/wp-json\/wp\/v2\/media\/8083"}],"wp:attachment":[{"href":"https:\/\/atelierdessoufflants.com\/index.php\/wp-json\/wp\/v2\/media?parent=8078"}],"wp:term":[{"taxonomy":"product_brand","embeddable":true,"href":"https:\/\/atelierdessoufflants.com\/index.php\/wp-json\/wp\/v2\/product_brand?post=8078"},{"taxonomy":"product_cat","embeddable":true,"href":"https:\/\/atelierdessoufflants.com\/index.php\/wp-json\/wp\/v2\/product_cat?post=8078"},{"taxonomy":"product_tag","embeddable":true,"href":"https:\/\/atelierdessoufflants.com\/index.php\/wp-json\/wp\/v2\/product_tag?post=8078"}],"curies":[{"name":"wp","href":"https:\/\/api.w.org\/{rel}","templated":true}]}}