{"id":5291,"date":"2025-11-19T15:07:14","date_gmt":"2025-11-19T14:07:14","guid":{"rendered":"https:\/\/atelierdessoufflants.com\/?post_type=product&#038;p=5291"},"modified":"2026-04-09T19:56:30","modified_gmt":"2026-04-09T17:56:30","slug":"getzen-300-series-trompette-ut-avec-allonge-de-sib-etui-valise-dorigine-embouchure-getzen-7c","status":"publish","type":"product","link":"https:\/\/atelierdessoufflants.com\/index.php\/produit\/getzen-300-series-trompette-ut-avec-allonge-de-sib-etui-valise-dorigine-embouchure-getzen-7c\/","title":{"rendered":"GETZEN 300 s\u00e9ries TROMPETTE Ut [ mod\u00e8le \u00e9tude avec allonge de Sib , valise d&rsquo;origine + embouchure Getzen 7C ]"},"content":{"rendered":"<p><strong>GAMME : \u00e9tude ++<\/strong><br \/>\n<strong>ANN\u00c9E : 1992 environ<\/strong><br \/>\n<strong>N\u00b0s\u00e9rie :R14835<\/strong><\/p>\n<p>La marque am\u00e9ricaine GETZEN est largement connue pour ses qualit\u00e9s g\u00e9n\u00e9rales sans faille. La s\u00e9rie 300 est d\u00e9velopp\u00e9e pour les trompettistes amateurs et \u00e9l\u00e8ves exigeants. Les choix des materiaux et conception (branche maillechort, pistonnage GETZEN, int\u00e9rieurs de coulisses maillechort, etc) classe l&rsquo;instrument dans la cat\u00e9gorie sup\u00e9rieure des instruments d&rsquo;\u00e9tude.<\/p>\n<p>Pavillon rapport\u00e9 laiton 2 pi\u00e8ces, jonc renforc\u00e9.<br \/>\npistonnage GETZEN professionnel<br \/>\ncoulisse 3 mobile<br \/>\nBranche d&#8217;embouchure maillechort<br \/>\n2 cl\u00e9s d&rsquo;eau \u00ab\u00a0Amado\u00a0\u00bb<br \/>\nPerce ML: 11.68 mm<br \/>\nvendu avec valise d&rsquo;origine et embouchure d&rsquo;origine GETZEN 7C<\/p>\n<p>instrument enti\u00e8rement r\u00e9vis\u00e9 et contr\u00f4l\u00e9 \u00e0 l&rsquo;atelier, tr\u00e8s bon \u00e9tat m\u00e9canique, Le vernis comporte des rayures et traces d&rsquo;imperfections mais n\u2019influence en rien la sonorit\u00e9 de l&rsquo;instrument.<\/p>\n<p><strong>GARANTIE 1 AN<\/strong><\/p>\n<p>prix neuf mod\u00e8le \u00e9quivalent actuel d&rsquo;\u00e9tude 1400 euros<\/p>\n","protected":false},"excerpt":{"rendered":"<p>Trompette UT\/ SIB made in USA, mod\u00e8le d&rsquo;\u00e9tude ( s\u00e9rie 300) qualit\u00e9 GETZEN (pistonnage unique, solidit\u00e9 \u00e0 toute \u00e9preuve, fiabilit\u00e9)<\/p>\n","protected":false},"featured_media":5870,"template":"","meta":[],"product_brand":[84],"product_cat":[17,29,87,38],"product_tag":[],"class_list":{"0":"post-5291","1":"product","2":"type-product","3":"status-publish","4":"has-post-thumbnail","6":"product_brand-getzen","7":"product_cat-occasions","8":"product_cat-trompettes","9":"product_cat-trompettes-occasion","10":"product_cat-trompettes-cornets-bugle","12":"first","13":"instock","14":"sold-individually","15":"shipping-taxable","16":"purchasable","17":"product-type-simple"},"_links":{"self":[{"href":"https:\/\/atelierdessoufflants.com\/index.php\/wp-json\/wp\/v2\/product\/5291","targetHints":{"allow":["GET"]}}],"collection":[{"href":"https:\/\/atelierdessoufflants.com\/index.php\/wp-json\/wp\/v2\/product"}],"about":[{"href":"https:\/\/atelierdessoufflants.com\/index.php\/wp-json\/wp\/v2\/types\/product"}],"wp:featuredmedia":[{"embeddable":true,"href":"https:\/\/atelierdessoufflants.com\/index.php\/wp-json\/wp\/v2\/media\/5870"}],"wp:attachment":[{"href":"https:\/\/atelierdessoufflants.com\/index.php\/wp-json\/wp\/v2\/media?parent=5291"}],"wp:term":[{"taxonomy":"product_brand","embeddable":true,"href":"https:\/\/atelierdessoufflants.com\/index.php\/wp-json\/wp\/v2\/product_brand?post=5291"},{"taxonomy":"product_cat","embeddable":true,"href":"https:\/\/atelierdessoufflants.com\/index.php\/wp-json\/wp\/v2\/product_cat?post=5291"},{"taxonomy":"product_tag","embeddable":true,"href":"https:\/\/atelierdessoufflants.com\/index.php\/wp-json\/wp\/v2\/product_tag?post=5291"}],"curies":[{"name":"wp","href":"https:\/\/api.w.org\/{rel}","templated":true}]}}