{"id":5141,"date":"2025-10-25T16:36:15","date_gmt":"2025-10-25T14:36:15","guid":{"rendered":"https:\/\/atelierdessoufflants.shop\/?post_type=product&#038;p=5141"},"modified":"2025-10-25T16:36:15","modified_gmt":"2025-10-25T14:36:15","slug":"arpegiator","status":"publish","type":"product","link":"https:\/\/atelierdessoufflants.com\/index.php\/produit\/arpegiator\/","title":{"rendered":"ARPEGIATOR"},"content":{"rendered":"<p><strong>FABRICATION:<\/strong> 01-2015<\/p>\n<p><strong>MAT\u00c9RIAU UTILISES:<\/strong> clarinette en \u00e9b\u00e8ne cl\u00e9tage nickel\u00e9, crosse de pistolet, planchette de pin brut, jouet d&rsquo;enfant.<\/p>\n<p><strong>DIMENSIONS:<\/strong> 80x 40<\/p>\n<p><strong>POIDS <\/strong>: 2.8 kg<\/p>\n<p><strong>\u00c9TAT:<\/strong><em> visible \u00e0 l&rsquo;atelier<\/em><\/p>\n","protected":false},"excerpt":{"rendered":"<p>avec munitions \u00ab\u00a0Ad Libitum\u00a0\u00bb<\/p>\n","protected":false},"featured_media":5143,"template":"","meta":[],"product_brand":[],"product_cat":[48],"product_tag":[],"class_list":{"0":"post-5141","1":"product","2":"type-product","3":"status-publish","4":"has-post-thumbnail","6":"product_cat-tomich","8":"first","9":"outofstock","10":"sold-individually","11":"shipping-taxable","12":"product-type-simple"},"_links":{"self":[{"href":"https:\/\/atelierdessoufflants.com\/index.php\/wp-json\/wp\/v2\/product\/5141","targetHints":{"allow":["GET"]}}],"collection":[{"href":"https:\/\/atelierdessoufflants.com\/index.php\/wp-json\/wp\/v2\/product"}],"about":[{"href":"https:\/\/atelierdessoufflants.com\/index.php\/wp-json\/wp\/v2\/types\/product"}],"wp:featuredmedia":[{"embeddable":true,"href":"https:\/\/atelierdessoufflants.com\/index.php\/wp-json\/wp\/v2\/media\/5143"}],"wp:attachment":[{"href":"https:\/\/atelierdessoufflants.com\/index.php\/wp-json\/wp\/v2\/media?parent=5141"}],"wp:term":[{"taxonomy":"product_brand","embeddable":true,"href":"https:\/\/atelierdessoufflants.com\/index.php\/wp-json\/wp\/v2\/product_brand?post=5141"},{"taxonomy":"product_cat","embeddable":true,"href":"https:\/\/atelierdessoufflants.com\/index.php\/wp-json\/wp\/v2\/product_cat?post=5141"},{"taxonomy":"product_tag","embeddable":true,"href":"https:\/\/atelierdessoufflants.com\/index.php\/wp-json\/wp\/v2\/product_tag?post=5141"}],"curies":[{"name":"wp","href":"https:\/\/api.w.org\/{rel}","templated":true}]}}