{"id":4757,"date":"2025-10-25T10:36:59","date_gmt":"2025-10-25T08:36:59","guid":{"rendered":"https:\/\/atelierdessoufflants.shop\/?post_type=product&#038;p=4757"},"modified":"2025-10-25T18:15:28","modified_gmt":"2025-10-25T16:15:28","slug":"cors-simple-en-fa-petites-mains-hr203","status":"publish","type":"product","link":"https:\/\/atelierdessoufflants.com\/index.php\/produit\/cors-simple-en-fa-petites-mains-hr203\/","title":{"rendered":"Cors simple en FA \u00a0\u00bbpetites mains\u00a0\u00bb HR203"},"content":{"rendered":"<p><strong>GAMME :\u00a0 \u00e9tude<\/strong><\/p>\n<p>Cors d&rsquo;harmonie simple en FA finitions vernis Roy Benson HR 203 \u00ab\u00a0petites mains\u00a0\u00bb (instrument plus compact qu&rsquo;un mod\u00e8le classique), son faible poids, son ergonomie sont vraiment adapt\u00e9s \u00e0 l&rsquo;apprentissage des enfants, d\u00e8s 5-6 ans jusqu&rsquo;\u00e0 10 ans environ avant le passage au cors standard.<\/p>\n<p><strong>caract\u00e9ristiques :<\/strong><br \/>\n-pavillon laiton<br \/>\n-branche embouchure cuivre rose<br \/>\n-anneau petit doigt r\u00e9glable<br \/>\n-coulisses ext\u00e9rieures en maillechort<br \/>\n-m\u00e9canismes \u00e0 biellettes et rotules (type miniball)<br \/>\n-\u00e9tui forme l\u00e9ger sac a dos<\/p>\n<p><strong>TYPE DE LOCATION:<\/strong> location trimestrielle<br \/>\n<strong>PAIEMENT:<\/strong> Mensuel par ch\u00e8que, esp\u00e8ces ou virement bancaire<br \/>\n<strong>PI\u00c8CES A FOURNIR:<\/strong><br \/>\n-pi\u00e8ce nationale d&rsquo;identit\u00e9<br \/>\n-relev\u00e9 d&rsquo;identit\u00e9 bancaire<br \/>\n-ch\u00e8que de caution (non encaiss\u00e9)<br \/>\nconsultez les <a href=\"https:\/\/atelierdessoufflants.shop\/index.php\/cgl\/\">CONDITIONS G\u00c9N\u00c9RALES DE LOCATION<\/a><\/p>\n","protected":false},"excerpt":{"rendered":"<p>parfait pour un enfant<\/p>\n","protected":false},"featured_media":4759,"template":"","meta":[],"product_brand":[75],"product_cat":[33,39],"product_tag":[],"class_list":{"0":"post-4757","1":"product","2":"type-product","3":"status-publish","4":"has-post-thumbnail","6":"product_brand-jupiter","7":"product_cat-cors","8":"product_cat-locations","10":"first","11":"instock","12":"sold-individually","13":"shipping-taxable","14":"purchasable","15":"product-type-simple"},"_links":{"self":[{"href":"https:\/\/atelierdessoufflants.com\/index.php\/wp-json\/wp\/v2\/product\/4757","targetHints":{"allow":["GET"]}}],"collection":[{"href":"https:\/\/atelierdessoufflants.com\/index.php\/wp-json\/wp\/v2\/product"}],"about":[{"href":"https:\/\/atelierdessoufflants.com\/index.php\/wp-json\/wp\/v2\/types\/product"}],"wp:featuredmedia":[{"embeddable":true,"href":"https:\/\/atelierdessoufflants.com\/index.php\/wp-json\/wp\/v2\/media\/4759"}],"wp:attachment":[{"href":"https:\/\/atelierdessoufflants.com\/index.php\/wp-json\/wp\/v2\/media?parent=4757"}],"wp:term":[{"taxonomy":"product_brand","embeddable":true,"href":"https:\/\/atelierdessoufflants.com\/index.php\/wp-json\/wp\/v2\/product_brand?post=4757"},{"taxonomy":"product_cat","embeddable":true,"href":"https:\/\/atelierdessoufflants.com\/index.php\/wp-json\/wp\/v2\/product_cat?post=4757"},{"taxonomy":"product_tag","embeddable":true,"href":"https:\/\/atelierdessoufflants.com\/index.php\/wp-json\/wp\/v2\/product_tag?post=4757"}],"curies":[{"name":"wp","href":"https:\/\/api.w.org\/{rel}","templated":true}]}}