{"id":4732,"date":"2025-10-25T10:31:18","date_gmt":"2025-10-25T08:31:18","guid":{"rendered":"https:\/\/atelierdessoufflants.shop\/?post_type=product&#038;p=4732"},"modified":"2026-01-25T14:49:56","modified_gmt":"2026-01-25T13:49:56","slug":"cors-jupiter-jhr452l-evolutif-fa","status":"publish","type":"product","link":"https:\/\/atelierdessoufflants.com\/index.php\/produit\/cors-jupiter-jhr452l-evolutif-fa\/","title":{"rendered":"Cors Jupiter JHR452L  \u00a0\u00bb\u00e9volutif \u00a0\u00bb FA"},"content":{"rendered":"<p><strong>GAMME :\u00a0 \u00e9tude<\/strong><\/p>\n<p>Cors d&rsquo;harmonie simple en FA JUPITER JHR452L \u00ab\u00a0\u00e9volutif\u00a0\u00bb (2 tailles possibles : petites mains ou standard adulte), son ergonomie est vraiment adapt\u00e9e \u00e0 l&rsquo;apprentissage des jeunes musiciens.<\/p>\n<p><strong>Caract\u00e9ristiques :<\/strong><\/p>\n<p>-cors simple tonalit\u00e9 Fa<br \/>\n-branche embouchure cuivre rose<br \/>\n-perce 11.99mm<br \/>\n-Pavillon 302mm<br \/>\n-support de main ajustable<br \/>\n-position du bloc m\u00e9canique d\u00e9pla\u00e7able \u00ab\u00a0\u00e9volutif\u00a0\u00bb<br \/>\n-fly caisse rigide + embouchure<br \/>\n-valeurs neuf 1150 euros environs<\/p>\n<p>&nbsp;<\/p>\n<p><strong>TYPE DE LOCATION:<\/strong> location trimestrielle<br \/>\n<strong>PAIEMENT:<\/strong> Mensuel par ch\u00e8que, esp\u00e8ces ou virement bancaire<br \/>\n<strong>PI\u00c8CES A FOURNIR:<\/strong><br \/>\n-pi\u00e8ce nationale d&rsquo;identit\u00e9<br \/>\n-relev\u00e9 d&rsquo;identit\u00e9 bancaire<br \/>\n-ch\u00e8que de caution (non encaiss\u00e9)<br \/>\nconsultez les <a href=\"https:\/\/atelierdessoufflants.shop\/index.php\/cgl\/\">CONDITIONS G\u00c9N\u00c9RALES DE LOCATION<\/a><\/p>\n","protected":false},"excerpt":{"rendered":"<p>mod\u00e8le r\u00e9glable sp\u00e9cialement \u00e9tudi\u00e9 pour s&rsquo;adapter \u00e0 la taille des enfants jusqu&rsquo;\u00e0 la morphologie d&rsquo;un adulte<\/p>\n","protected":false},"featured_media":4734,"template":"","meta":[],"product_brand":[75],"product_cat":[33,39],"product_tag":[],"class_list":{"0":"post-4732","1":"product","2":"type-product","3":"status-publish","4":"has-post-thumbnail","6":"product_brand-jupiter","7":"product_cat-cors","8":"product_cat-locations","10":"first","11":"instock","12":"sold-individually","13":"shipping-taxable","14":"purchasable","15":"product-type-simple"},"_links":{"self":[{"href":"https:\/\/atelierdessoufflants.com\/index.php\/wp-json\/wp\/v2\/product\/4732","targetHints":{"allow":["GET"]}}],"collection":[{"href":"https:\/\/atelierdessoufflants.com\/index.php\/wp-json\/wp\/v2\/product"}],"about":[{"href":"https:\/\/atelierdessoufflants.com\/index.php\/wp-json\/wp\/v2\/types\/product"}],"wp:featuredmedia":[{"embeddable":true,"href":"https:\/\/atelierdessoufflants.com\/index.php\/wp-json\/wp\/v2\/media\/4734"}],"wp:attachment":[{"href":"https:\/\/atelierdessoufflants.com\/index.php\/wp-json\/wp\/v2\/media?parent=4732"}],"wp:term":[{"taxonomy":"product_brand","embeddable":true,"href":"https:\/\/atelierdessoufflants.com\/index.php\/wp-json\/wp\/v2\/product_brand?post=4732"},{"taxonomy":"product_cat","embeddable":true,"href":"https:\/\/atelierdessoufflants.com\/index.php\/wp-json\/wp\/v2\/product_cat?post=4732"},{"taxonomy":"product_tag","embeddable":true,"href":"https:\/\/atelierdessoufflants.com\/index.php\/wp-json\/wp\/v2\/product_tag?post=4732"}],"curies":[{"name":"wp","href":"https:\/\/api.w.org\/{rel}","templated":true}]}}