{"id":4510,"date":"2025-10-25T00:55:19","date_gmt":"2025-10-24T22:55:19","guid":{"rendered":"https:\/\/atelierdessoufflants.shop\/?post_type=product&#038;p=4510"},"modified":"2025-11-17T19:00:59","modified_gmt":"2025-11-17T18:00:59","slug":"noblet-artist-clarinette-bb","status":"publish","type":"product","link":"https:\/\/atelierdessoufflants.com\/index.php\/produit\/noblet-artist-clarinette-bb\/","title":{"rendered":"NOBLET ARTIST clarinette Bb [tout \u00e9b\u00e8ne, tampons neuf]"},"content":{"rendered":"<p>GAMME :\u00a0 interm\u00e9diaire<br \/>\nN\u00b0s\u00e9rie :A23XXX<\/p>\n<p>Clarinette\u00a0 \u00e9b\u00e8ne Noblet ( fabrication Leblanc France)\u00a0 mod\u00e8le \u00ab\u00a0artist\u00a0\u00bb tout \u00e9b\u00e8ne<br \/>\nTonalit\u00e9: Sib<br \/>\nUn instrument interm\u00e9diaire de tr\u00e8s bonne facture<br \/>\nUn mod\u00e8le un peu dat\u00e9 certes mais avec de tr\u00e8s bonne qualit\u00e9 musicale<br \/>\nre-tamponn\u00e9 cuir et enti\u00e8rement r\u00e9vis\u00e9e a l&rsquo;atelier<br \/>\nviroles maillechort sur les emboitures corps du haut<br \/>\nParfaitement adapt\u00e9 \u00e0 l&rsquo;apprentissage et \u00e0 la pratique collective<br \/>\nfournie avec \u00e9tui sac a dos compact + bec occasion vandoren 5RV p88 + \u00e9couvillon BG A32<\/p>\n<p><strong>GARANTIE 1 AN<\/strong><\/p>\n<p>&nbsp;<\/p>\n","protected":false},"excerpt":{"rendered":"<p>instrument enti\u00e8rement re-tamponn\u00e9e cuir, tr\u00e8s bel \u00e9tat g\u00e9n\u00e9ral, facture fran\u00e7aise robuste et fiable,avec \u00e9tuis sac \u00e0 dos<\/p>\n","protected":false},"featured_media":4530,"template":"","meta":[],"product_brand":[76],"product_cat":[36,70,17,47],"product_tag":[],"class_list":{"0":"post-4510","1":"product","2":"type-product","3":"status-publish","4":"has-post-thumbnail","6":"product_brand-leblanc-noblet","7":"product_cat-clarinettes","8":"product_cat-clarinettes-occasion-vendu","9":"product_cat-occasions","10":"product_cat-ventes","12":"first","13":"outofstock","14":"sold-individually","15":"shipping-taxable","16":"product-type-simple"},"_links":{"self":[{"href":"https:\/\/atelierdessoufflants.com\/index.php\/wp-json\/wp\/v2\/product\/4510","targetHints":{"allow":["GET"]}}],"collection":[{"href":"https:\/\/atelierdessoufflants.com\/index.php\/wp-json\/wp\/v2\/product"}],"about":[{"href":"https:\/\/atelierdessoufflants.com\/index.php\/wp-json\/wp\/v2\/types\/product"}],"wp:featuredmedia":[{"embeddable":true,"href":"https:\/\/atelierdessoufflants.com\/index.php\/wp-json\/wp\/v2\/media\/4530"}],"wp:attachment":[{"href":"https:\/\/atelierdessoufflants.com\/index.php\/wp-json\/wp\/v2\/media?parent=4510"}],"wp:term":[{"taxonomy":"product_brand","embeddable":true,"href":"https:\/\/atelierdessoufflants.com\/index.php\/wp-json\/wp\/v2\/product_brand?post=4510"},{"taxonomy":"product_cat","embeddable":true,"href":"https:\/\/atelierdessoufflants.com\/index.php\/wp-json\/wp\/v2\/product_cat?post=4510"},{"taxonomy":"product_tag","embeddable":true,"href":"https:\/\/atelierdessoufflants.com\/index.php\/wp-json\/wp\/v2\/product_tag?post=4510"}],"curies":[{"name":"wp","href":"https:\/\/api.w.org\/{rel}","templated":true}]}}