{"id":4386,"date":"2025-10-25T00:21:29","date_gmt":"2025-10-24T22:21:29","guid":{"rendered":"https:\/\/atelierdessoufflants.shop\/?post_type=product&#038;p=4386"},"modified":"2026-04-12T12:13:18","modified_gmt":"2026-04-12T10:13:18","slug":"bugle-antoine-courtois-ac155-gros-pavillon-trigger-coulisse-1-et-3","status":"publish","type":"product","link":"https:\/\/atelierdessoufflants.com\/index.php\/produit\/bugle-antoine-courtois-ac155-gros-pavillon-trigger-coulisse-1-et-3\/","title":{"rendered":"Bugle Antoine Courtois AC155 [ gros pavillon, trigger coulisse 1 et 3]"},"content":{"rendered":"<p><strong>GAMME : PRO<\/strong><br \/>\n<strong>ANN\u00c9E : <\/strong><br \/>\n<strong>N\u00b0s\u00e9rie : 29XXX<\/strong><\/p>\n<p>Bugle Antoine Courtois mod\u00e8le 155, finition vernis, Mod\u00e8le professionnel<\/p>\n<p>3 pistons<br \/>\nperce 10,5mm<br \/>\npavillon diam\u00e8tre : 170mm<br \/>\nTrigger sur coulisse 1 et 3<br \/>\nPiston monel<\/p>\n<p>Tr\u00e8s bon \u00e9tat m\u00e9canique, enti\u00e8rement r\u00e9vis\u00e9, aucunes traces de d\u00e9bosselage ou bosses.<br \/>\nLe vernis comporte de nombreuses petites imperfection (piqu\u00e9) mais sans aucune incidence sur le son.<\/p>\n<p><strong>GARANTIE 1 AN<\/strong><\/p>\n","protected":false},"excerpt":{"rendered":"<p>mod\u00e8le pro, facture fran\u00e7aise, trigger sur coulisse 1 et 3, gros pavillon, m\u00e9canique TBE, verni abim\u00e9<\/p>\n","protected":false},"featured_media":4395,"template":"","meta":[],"product_brand":[],"product_cat":[17,98,38,47],"product_tag":[],"class_list":{"0":"post-4386","1":"product","2":"type-product","3":"status-publish","4":"has-post-thumbnail","6":"product_cat-occasions","7":"product_cat-trompettes-occasion-vendu","8":"product_cat-trompettes-cornets-bugle","9":"product_cat-ventes","11":"first","12":"outofstock","13":"sold-individually","14":"shipping-taxable","15":"product-type-simple"},"_links":{"self":[{"href":"https:\/\/atelierdessoufflants.com\/index.php\/wp-json\/wp\/v2\/product\/4386","targetHints":{"allow":["GET"]}}],"collection":[{"href":"https:\/\/atelierdessoufflants.com\/index.php\/wp-json\/wp\/v2\/product"}],"about":[{"href":"https:\/\/atelierdessoufflants.com\/index.php\/wp-json\/wp\/v2\/types\/product"}],"wp:featuredmedia":[{"embeddable":true,"href":"https:\/\/atelierdessoufflants.com\/index.php\/wp-json\/wp\/v2\/media\/4395"}],"wp:attachment":[{"href":"https:\/\/atelierdessoufflants.com\/index.php\/wp-json\/wp\/v2\/media?parent=4386"}],"wp:term":[{"taxonomy":"product_brand","embeddable":true,"href":"https:\/\/atelierdessoufflants.com\/index.php\/wp-json\/wp\/v2\/product_brand?post=4386"},{"taxonomy":"product_cat","embeddable":true,"href":"https:\/\/atelierdessoufflants.com\/index.php\/wp-json\/wp\/v2\/product_cat?post=4386"},{"taxonomy":"product_tag","embeddable":true,"href":"https:\/\/atelierdessoufflants.com\/index.php\/wp-json\/wp\/v2\/product_tag?post=4386"}],"curies":[{"name":"wp","href":"https:\/\/api.w.org\/{rel}","templated":true}]}}