{"id":4312,"date":"2025-10-24T23:36:50","date_gmt":"2025-10-24T21:36:50","guid":{"rendered":"https:\/\/atelierdessoufflants.shop\/?post_type=product&#038;p=4312"},"modified":"2026-04-12T12:13:35","modified_gmt":"2026-04-12T10:13:35","slug":"trompette-yamaha-ytr6335","status":"publish","type":"product","link":"https:\/\/atelierdessoufflants.com\/index.php\/produit\/trompette-yamaha-ytr6335\/","title":{"rendered":"Trompette Yamaha YTR6335"},"content":{"rendered":"<p><strong>GAMME : PRO<\/strong><br \/>\n<strong>ANN\u00c9E : 1993-1997<\/strong><br \/>\n<strong>N\u00b0s\u00e9rie : 20XXX<\/p>\n<p><\/strong>Trompette professionnelle yamaha 6335 en Bb, finition vernis. Mod\u00e8le de r\u00e9f\u00e9rence chez yamaha depuis plus de 20 ans. r\u00e9put\u00e9e tr\u00e8s polyvalente (studio, big-band, orchestre classique)Enti\u00e8rement r\u00e9vis\u00e9e et contr\u00f4l\u00e9e \u00e0 l&rsquo;atelier, instrument en tr\u00e8s bon \u00e9tat m\u00e9canique, imperfection de vernis \u00e0 divers endroits.<strong><br \/>\n<\/strong><\/p>\n<div id=\"cnp\">\n<ul>\n<li><span style=\"font-size: 14px;\">Perce: ML (11,65mm)<\/span><\/li>\n<li><span style=\"font-size: 14px;\">Pavillon en laiton martel\u00e9 \u00e0 la main d&rsquo;un diam\u00e8tre de 123mm<\/span><\/li>\n<li><span style=\"font-size: 14px;\">Pistons en monel<\/span><\/li>\n<li><span style=\"font-size: 14px;\">Branche d&#8217;embouchure en laiton dor\u00e9<\/span><\/li>\n<li><span style=\"font-size: 14px;\">Finition: Vernis dor\u00e9<\/span><\/li>\n<li><span style=\"font-size: 14px;\">touche en nacre v\u00e9ritable<\/span><\/li>\n<li><span style=\"font-size: 14px;\">coulisses mobiles 1 et 3<\/span><\/li>\n<li><span style=\"font-size: 14px;\">\u00c9tui et embouchure 11C4 yamaha<\/span><\/li>\n<\/ul>\n<\/div>\n<p><strong>GARANTIE 1 AN<\/strong><\/p>\n","protected":false},"excerpt":{"rendered":"<p>mod\u00e8le pro, une r\u00e9f\u00e9rence chez yamaha, mod\u00e8le tr\u00e8s polyvalent, tr\u00e8s bon \u00e9tat m\u00e9canique, imperfections de vernis<\/p>\n","protected":false},"featured_media":4337,"template":"","meta":[],"product_brand":[],"product_cat":[17,98,38,47],"product_tag":[],"class_list":{"0":"post-4312","1":"product","2":"type-product","3":"status-publish","4":"has-post-thumbnail","6":"product_cat-occasions","7":"product_cat-trompettes-occasion-vendu","8":"product_cat-trompettes-cornets-bugle","9":"product_cat-ventes","11":"first","12":"outofstock","13":"sold-individually","14":"shipping-taxable","15":"product-type-simple"},"_links":{"self":[{"href":"https:\/\/atelierdessoufflants.com\/index.php\/wp-json\/wp\/v2\/product\/4312","targetHints":{"allow":["GET"]}}],"collection":[{"href":"https:\/\/atelierdessoufflants.com\/index.php\/wp-json\/wp\/v2\/product"}],"about":[{"href":"https:\/\/atelierdessoufflants.com\/index.php\/wp-json\/wp\/v2\/types\/product"}],"wp:featuredmedia":[{"embeddable":true,"href":"https:\/\/atelierdessoufflants.com\/index.php\/wp-json\/wp\/v2\/media\/4337"}],"wp:attachment":[{"href":"https:\/\/atelierdessoufflants.com\/index.php\/wp-json\/wp\/v2\/media?parent=4312"}],"wp:term":[{"taxonomy":"product_brand","embeddable":true,"href":"https:\/\/atelierdessoufflants.com\/index.php\/wp-json\/wp\/v2\/product_brand?post=4312"},{"taxonomy":"product_cat","embeddable":true,"href":"https:\/\/atelierdessoufflants.com\/index.php\/wp-json\/wp\/v2\/product_cat?post=4312"},{"taxonomy":"product_tag","embeddable":true,"href":"https:\/\/atelierdessoufflants.com\/index.php\/wp-json\/wp\/v2\/product_tag?post=4312"}],"curies":[{"name":"wp","href":"https:\/\/api.w.org\/{rel}","templated":true}]}}