{"id":4245,"date":"2025-10-24T23:18:34","date_gmt":"2025-10-24T21:18:34","guid":{"rendered":"https:\/\/atelierdessoufflants.shop\/?post_type=product&#038;p=4245"},"modified":"2026-03-20T18:13:14","modified_gmt":"2026-03-20T17:13:14","slug":"selmer-balance-action-saxophone-alto-annee-1942-argente-tampons-neuf-cletage-modernise","status":"publish","type":"product","link":"https:\/\/atelierdessoufflants.com\/index.php\/produit\/selmer-balance-action-saxophone-alto-annee-1942-argente-tampons-neuf-cletage-modernise\/","title":{"rendered":"SELMER BALANCE ACTION SAXOPHONE ALTO [ANN\u00c9E 1942, argent\u00e9, tampons neuf, cl\u00e9tage modernis\u00e9]"},"content":{"rendered":"<p><strong>GAMME:PRO<br \/>\nANN\u00c9E:1942<br \/>\nN\u00b0s\u00e9rie: 30XXX<\/strong><\/p>\n<p>saxophone alto\u00a0 fabriqu\u00e9 par Selmer France dans les ann\u00e9es 40.<br \/>\nEnti\u00e8rement remis en \u00e9tat avec tampons Martin Chanu r\u00e9sonateurs inox, modernisation du cl\u00e9tage main droite avec ajout d&rsquo;une correspondance moderne selmer et ajout \u00e9galement de vis de reglage sur correspondance de SI et SIb grave pour offrir plus de confort dans la stabilit\u00e9 du bouchage et une r\u00e9elle am\u00e9lioration pour la maintenance.<br \/>\nToutes les garnitures sont neuves : ressorts aiguilles et ressorts plats, feutres, li\u00e8ges et but\u00e9es, gaines.<br \/>\nMagnifique \u00e9tat g\u00e9n\u00e9ral,\u00a0 la m\u00e9canique a peu servie pour son grand \u00e2ge, les nacres sont en tr\u00e8s bon \u00e9tat.<br \/>\nL&rsquo;instrument n&rsquo;a jamais subi de chocs majeurs ou de grosses r\u00e9parations<strong>, <\/strong>les seules imperfections que j&rsquo;ai pu noter \u00e0 son arriv\u00e9e \u00e0 l&rsquo;atelier sont des traces de d\u00e9bosselage et un petit manque d&rsquo;argenture sur les fixation des gardes du DO grave, voir les photos de la culasse&#8230;<strong><br \/>\n<\/strong>mod\u00e8le sans Fa# aigu<strong>.<br \/>\n<\/strong><\/p>\n<p>sonorit\u00e9 riche et puissantte plut\u00f4t mate, moins timbr\u00e9 que son plus jeune fr\u00e8re le Mark VI mais tout aussi int\u00e9ressant.<br \/>\nAvis aux amateurs pour les s\u00e9ances d&rsquo;essai \u00e0 l&rsquo;atelier .<\/p>\n<p>Vendu avec \u00e9tui valise yamaha moderne et \u00e9tui selmer r\u00e9f\u00e9rence, chiffon et \u00e9couvillon. Sans bec<\/p>\n<p><strong>GARANTIE 1 AN<\/strong><\/p>\n","protected":false},"excerpt":{"rendered":"<p>saxophone Selmer, ann\u00e9e 1942, finition argent\u00e9, enti\u00e8rement remis en \u00e9tat<\/p>\n","protected":false},"featured_media":4275,"template":"","meta":[],"product_brand":[66],"product_cat":[17,37,47],"product_tag":[],"class_list":{"0":"post-4245","1":"product","2":"type-product","3":"status-publish","4":"has-post-thumbnail","6":"product_brand-henri-selmer-paris","7":"product_cat-occasions","8":"product_cat-saxophones","9":"product_cat-ventes","11":"first","12":"outofstock","13":"sold-individually","14":"shipping-taxable","15":"product-type-simple"},"_links":{"self":[{"href":"https:\/\/atelierdessoufflants.com\/index.php\/wp-json\/wp\/v2\/product\/4245","targetHints":{"allow":["GET"]}}],"collection":[{"href":"https:\/\/atelierdessoufflants.com\/index.php\/wp-json\/wp\/v2\/product"}],"about":[{"href":"https:\/\/atelierdessoufflants.com\/index.php\/wp-json\/wp\/v2\/types\/product"}],"wp:featuredmedia":[{"embeddable":true,"href":"https:\/\/atelierdessoufflants.com\/index.php\/wp-json\/wp\/v2\/media\/4275"}],"wp:attachment":[{"href":"https:\/\/atelierdessoufflants.com\/index.php\/wp-json\/wp\/v2\/media?parent=4245"}],"wp:term":[{"taxonomy":"product_brand","embeddable":true,"href":"https:\/\/atelierdessoufflants.com\/index.php\/wp-json\/wp\/v2\/product_brand?post=4245"},{"taxonomy":"product_cat","embeddable":true,"href":"https:\/\/atelierdessoufflants.com\/index.php\/wp-json\/wp\/v2\/product_cat?post=4245"},{"taxonomy":"product_tag","embeddable":true,"href":"https:\/\/atelierdessoufflants.com\/index.php\/wp-json\/wp\/v2\/product_tag?post=4245"}],"curies":[{"name":"wp","href":"https:\/\/api.w.org\/{rel}","templated":true}]}}