{"id":4228,"date":"2025-10-24T23:07:49","date_gmt":"2025-10-24T21:07:49","guid":{"rendered":"https:\/\/atelierdessoufflants.shop\/?post_type=product&#038;p=4228"},"modified":"2025-10-25T18:07:56","modified_gmt":"2025-10-25T16:07:56","slug":"clarinette-leblanc-lx-annee-90-modele-pro","status":"publish","type":"product","link":"https:\/\/atelierdessoufflants.com\/index.php\/produit\/clarinette-leblanc-lx-annee-90-modele-pro\/","title":{"rendered":"Clarinette Leblanc LX [ANN\u00c9E 90, mod\u00e8le PRO]"},"content":{"rendered":"<p><strong>GAMME : PRO<\/strong><br \/>\n<strong>ANN\u00c9E : 1990<\/strong><br \/>\n<strong>N\u00b0s\u00e9rie : 60XXX<\/strong><\/p>\n<p>Clarinette professionnelle en Sib, tout \u00e9b\u00e8ne, cl\u00e9tage argent\u00e9, enti\u00e8rement refaite: tampon cuir haut de gamme Chedeville Lelandais, garniture et li\u00e8ge tenon neuf, ressort TBE.<br \/>\nFabrication fran\u00e7aise de l&rsquo;ancienne manufacture de clarinette Leblanc (la Couture Boussey),<br \/>\nMod\u00e8le qui a pr\u00e9c\u00e9d\u00e9 le mod\u00e8le OPUS et CONCERTO, derni\u00e8re clarinette d\u00e9velopp\u00e9 par LEON LEBLANC .<br \/>\ntr\u00e8s belle sonorit\u00e9, juste et homog\u00e8ne, m\u00e9canique fiable.<br \/>\nvendu avec bec Vandoren B45 et ligature cuir BG et \u00e9tuis valise<\/p>\n<p><strong>GARANTIE 1 AN<\/strong><\/p>\n","protected":false},"excerpt":{"rendered":"<p>mod\u00e8le Pro Leblanc, enti\u00e8rement r\u00e9vis\u00e9 et re-tamponne\u00e9 cuir<\/p>\n","protected":false},"featured_media":4231,"template":"","meta":[],"product_brand":[76],"product_cat":[36,70,17,47],"product_tag":[],"class_list":{"0":"post-4228","1":"product","2":"type-product","3":"status-publish","4":"has-post-thumbnail","6":"product_brand-leblanc-noblet","7":"product_cat-clarinettes","8":"product_cat-clarinettes-occasion-vendu","9":"product_cat-occasions","10":"product_cat-ventes","12":"first","13":"outofstock","14":"sold-individually","15":"shipping-taxable","16":"product-type-simple"},"_links":{"self":[{"href":"https:\/\/atelierdessoufflants.com\/index.php\/wp-json\/wp\/v2\/product\/4228","targetHints":{"allow":["GET"]}}],"collection":[{"href":"https:\/\/atelierdessoufflants.com\/index.php\/wp-json\/wp\/v2\/product"}],"about":[{"href":"https:\/\/atelierdessoufflants.com\/index.php\/wp-json\/wp\/v2\/types\/product"}],"wp:featuredmedia":[{"embeddable":true,"href":"https:\/\/atelierdessoufflants.com\/index.php\/wp-json\/wp\/v2\/media\/4231"}],"wp:attachment":[{"href":"https:\/\/atelierdessoufflants.com\/index.php\/wp-json\/wp\/v2\/media?parent=4228"}],"wp:term":[{"taxonomy":"product_brand","embeddable":true,"href":"https:\/\/atelierdessoufflants.com\/index.php\/wp-json\/wp\/v2\/product_brand?post=4228"},{"taxonomy":"product_cat","embeddable":true,"href":"https:\/\/atelierdessoufflants.com\/index.php\/wp-json\/wp\/v2\/product_cat?post=4228"},{"taxonomy":"product_tag","embeddable":true,"href":"https:\/\/atelierdessoufflants.com\/index.php\/wp-json\/wp\/v2\/product_tag?post=4228"}],"curies":[{"name":"wp","href":"https:\/\/api.w.org\/{rel}","templated":true}]}}