{"id":388,"date":"2025-04-16T11:26:36","date_gmt":"2025-04-16T09:26:36","guid":{"rendered":"http:\/\/libre.etche.net\/?post_type=product&#038;p=388"},"modified":"2025-10-19T12:18:49","modified_gmt":"2025-10-19T10:18:49","slug":"cors-jupiter-jhr-452-l-evolutif-fa","status":"publish","type":"product","link":"https:\/\/atelierdessoufflants.com\/index.php\/produit\/cors-jupiter-jhr-452-l-evolutif-fa\/","title":{"rendered":"Cors Jupiter JHR-452 L \u00a0\u00bbevolutif \u00a0\u00bb FA"},"content":{"rendered":"<p><strong>GAMME :<\/strong>\u00a0 \u00e9tude<br \/>\n<strong>N\u00b0serie :\u00a0<\/strong><\/p>\n<p>Cors d&rsquo;harmonie simple en FA JUPITER JHR-452 \u00ab\u00a0evolutif\u00a0\u00bb (2 tailles possibles : petites mains ou standard adulte), son ergonomie est vraiment adapt\u00e9e \u00e0 l&rsquo;apprentissage des jeunes musiciens.<\/p>\n<p>tr\u00e8s bon \u00e9tat g\u00e9n\u00e9ral, entierement\u00a0 r\u00e9vis\u00e9 avant la vente<\/p>\n<p><strong>Caract\u00e9ristiques :<\/strong><\/p>\n<p>-cors simple tonalit\u00e9 Fa<br \/>\n-branche embouchure cuivre rose<br \/>\n-perce 11.99mm<br \/>\n-Pavillon 302mm<br \/>\n-support de main ajustable<br \/>\n-position du bloc m\u00e9canique d\u00e9placable \u00ab\u00a0evolutif\u00a0\u00bb<br \/>\n-fly caisse rigide + embouchure<\/p>\n<p>-valeurs neuf 1150 euros environs<\/p>\n","protected":false},"excerpt":{"rendered":"<h2>Mod\u00e8le r\u00e9glable sp\u00e9cialement \u00e9tudi\u00e9 pour s&rsquo;adapter \u00e0 la taille des enfants jusqu&rsquo;\u00e0 la morphologie d&rsquo;un adulte<\/h2>\n","protected":false},"featured_media":389,"template":"","meta":[],"product_brand":[],"product_cat":[33,17],"product_tag":[],"class_list":{"0":"post-388","1":"product","2":"type-product","3":"status-publish","4":"has-post-thumbnail","6":"product_cat-cors","7":"product_cat-occasions","9":"first","10":"instock","11":"sold-individually","12":"shipping-taxable","13":"purchasable","14":"product-type-simple"},"_links":{"self":[{"href":"https:\/\/atelierdessoufflants.com\/index.php\/wp-json\/wp\/v2\/product\/388","targetHints":{"allow":["GET"]}}],"collection":[{"href":"https:\/\/atelierdessoufflants.com\/index.php\/wp-json\/wp\/v2\/product"}],"about":[{"href":"https:\/\/atelierdessoufflants.com\/index.php\/wp-json\/wp\/v2\/types\/product"}],"wp:featuredmedia":[{"embeddable":true,"href":"https:\/\/atelierdessoufflants.com\/index.php\/wp-json\/wp\/v2\/media\/389"}],"wp:attachment":[{"href":"https:\/\/atelierdessoufflants.com\/index.php\/wp-json\/wp\/v2\/media?parent=388"}],"wp:term":[{"taxonomy":"product_brand","embeddable":true,"href":"https:\/\/atelierdessoufflants.com\/index.php\/wp-json\/wp\/v2\/product_brand?post=388"},{"taxonomy":"product_cat","embeddable":true,"href":"https:\/\/atelierdessoufflants.com\/index.php\/wp-json\/wp\/v2\/product_cat?post=388"},{"taxonomy":"product_tag","embeddable":true,"href":"https:\/\/atelierdessoufflants.com\/index.php\/wp-json\/wp\/v2\/product_tag?post=388"}],"curies":[{"name":"wp","href":"https:\/\/api.w.org\/{rel}","templated":true}]}}