{"id":3869,"date":"2025-10-24T20:33:24","date_gmt":"2025-10-24T18:33:24","guid":{"rendered":"https:\/\/atelierdessoufflants.shop\/?post_type=product&#038;p=3869"},"modified":"2026-04-12T12:14:39","modified_gmt":"2026-04-12T10:14:39","slug":"cornet-a-pistons-blessing-bb-cornet-long-annee-50s-tres-belle-facture-parfait-new-orleans","status":"publish","type":"product","link":"https:\/\/atelierdessoufflants.com\/index.php\/produit\/cornet-a-pistons-blessing-bb-cornet-long-annee-50s-tres-belle-facture-parfait-new-orleans\/","title":{"rendered":"Cornet \u00e0 pistons BLESSING Bb (cornet long ) [ANN\u00c9E 50&rsquo;s tr\u00e8s belle facture, parfait New Orl\u00e9ans]"},"content":{"rendered":"<p>GAMME : \u00e9tude<br \/>\nANN\u00c9E : 1950<br \/>\nN\u00b0s\u00e9rie :54XXX<\/p>\n<p>&nbsp;<\/p>\n<p>cornet long BlESSING (fabrication US) 3 pistons, tonalit\u00e9 Sib<br \/>\nLook typique ann\u00e9e 50 avec un vernis brun.<br \/>\nenti\u00e8rement r\u00e9vis\u00e9, li\u00e8ge cl\u00e9 d&rsquo;eau, feutre, coulisses graiss\u00e9es<br \/>\npas de bosses sur l&rsquo;instrument, traces de d\u00e9bosselage sur le pavillon<br \/>\nparfait \u00e9tat de marche.<br \/>\nConvient parfaitement \u00e0 l&rsquo;apprentissage de l&rsquo;instrument<br \/>\nvendu avec \u00e9tui d&rsquo;origine et embouchure neuve Gewa<\/p>\n<p>&nbsp;<\/p>\n<p><strong>GARANTIE 1 AN<\/strong><\/p>\n","protected":false},"excerpt":{"rendered":"<p>Cornet 3 pistons mod\u00e8le long en Bb, fabricatiion USA Elkhart,<\/p>\n","protected":false},"featured_media":3876,"template":"","meta":[],"product_brand":[],"product_cat":[17,98,38,47],"product_tag":[],"class_list":{"0":"post-3869","1":"product","2":"type-product","3":"status-publish","4":"has-post-thumbnail","6":"product_cat-occasions","7":"product_cat-trompettes-occasion-vendu","8":"product_cat-trompettes-cornets-bugle","9":"product_cat-ventes","11":"first","12":"outofstock","13":"sold-individually","14":"shipping-taxable","15":"product-type-simple"},"_links":{"self":[{"href":"https:\/\/atelierdessoufflants.com\/index.php\/wp-json\/wp\/v2\/product\/3869","targetHints":{"allow":["GET"]}}],"collection":[{"href":"https:\/\/atelierdessoufflants.com\/index.php\/wp-json\/wp\/v2\/product"}],"about":[{"href":"https:\/\/atelierdessoufflants.com\/index.php\/wp-json\/wp\/v2\/types\/product"}],"wp:featuredmedia":[{"embeddable":true,"href":"https:\/\/atelierdessoufflants.com\/index.php\/wp-json\/wp\/v2\/media\/3876"}],"wp:attachment":[{"href":"https:\/\/atelierdessoufflants.com\/index.php\/wp-json\/wp\/v2\/media?parent=3869"}],"wp:term":[{"taxonomy":"product_brand","embeddable":true,"href":"https:\/\/atelierdessoufflants.com\/index.php\/wp-json\/wp\/v2\/product_brand?post=3869"},{"taxonomy":"product_cat","embeddable":true,"href":"https:\/\/atelierdessoufflants.com\/index.php\/wp-json\/wp\/v2\/product_cat?post=3869"},{"taxonomy":"product_tag","embeddable":true,"href":"https:\/\/atelierdessoufflants.com\/index.php\/wp-json\/wp\/v2\/product_tag?post=3869"}],"curies":[{"name":"wp","href":"https:\/\/api.w.org\/{rel}","templated":true}]}}