{"id":386,"date":"2025-04-16T11:25:10","date_gmt":"2025-04-16T09:25:10","guid":{"rendered":"http:\/\/libre.etche.net\/?post_type=product&#038;p=386"},"modified":"2025-10-22T10:39:21","modified_gmt":"2025-10-22T08:39:21","slug":"embouchures-trompette-schilke-standard-occasion-tbe-ou-etat-neuf-avec-boite-dorigine","status":"publish","type":"product","link":"https:\/\/atelierdessoufflants.com\/index.php\/produit\/embouchures-trompette-schilke-standard-occasion-tbe-ou-etat-neuf-avec-boite-dorigine\/","title":{"rendered":"EMBOUCHURES TROMPETTE SCHILKE \u00a0\u00bbSTANDARD\u00a0\u00bb [OCCASION TBE ou ETAT NEUF avec boite d&rsquo;origine]"},"content":{"rendered":"<p><strong><span style=\"font-size: 13px;\">S\u00e9rie standard argent\u00e9: <\/span><\/strong><span style=\"font-size: 12px;\">\u00e9tat neuf ou TBE avec boite:<\/p>\n<p><\/span><a href=\"https:\/\/www.schilkemusic.com\/products\/mouthpieces\/trumpet\/#standard-series\" target=\"_blank\" rel=\"noopener\">INFOS SCHILKE<\/a><br \/>\n<strong><br \/>\n<span style=\"font-size: 12px;\">11AX<\/span><\/strong><br \/>\n<span style=\"font-size: 12px;\"><strong>14AX<\/strong><\/span><br \/>\n<span style=\"font-size: 12px;\"><strong>14A4<\/strong><\/span><br \/>\n<span style=\"font-size: 12px;\"><strong>14B<\/strong><\/span><br \/>\n<span style=\"font-size: 12px;\"><strong>15<\/strong><\/span><br \/>\n<span style=\"font-size: 12px;\"><strong>15<\/strong><\/span><br \/>\n<span style=\"font-size: 12px;\"><strong>15B<\/strong><\/span><br \/>\n<span style=\"font-size: 12px;\"><strong>15C4<\/strong><\/span><br \/>\n<span style=\"font-size: 12px;\"><strong>15A4<\/strong><\/span><br \/>\n<span style=\"font-size: 12px;\"><strong>16<\/strong><\/span><br \/>\n<span style=\"font-size: 12px;\"><strong>17 (RESERVE)<\/strong><\/span><br \/>\n<span style=\"font-size: 12px;\"><strong>17B4<\/strong><\/span><br \/>\n<span style=\"font-size: 12px;\"><strong>17D4<\/strong><\/span><br \/>\n<span style=\"font-size: 12px;\"><strong>17D4D<\/strong><\/span><br \/>\n<span style=\"font-size: 12px;\"><strong>18<\/strong><\/span><br \/>\n<span style=\"font-size: 12px;\"><strong>18B4<\/strong><\/span><br \/>\n<span style=\"font-size: 12px;\"><strong>18C3D<\/strong><\/span><br \/>\n<span style=\"font-size: 12px;\"><strong>19<\/strong><\/span><br \/>\n<strong><span style=\"font-size: 12px;\">19<\/span><br \/>\n<\/strong><\/p>\n<p>&nbsp;<\/p>\n<p><span style=\"font-size: 12px;\"><strong>Prix NEUF pratiqu\u00e9 : 96 euros<\/strong><\/span><\/p>\n","protected":false},"excerpt":{"rendered":"<p>grand lot d&#8217;embouchures d&rsquo;occasion en tr\u00e8s bel \u00e9tat ou \u00e9tat neuf, argenture ou plaquage or 100%, avec leur boite d&rsquo;origine<\/p>\n","protected":false},"featured_media":387,"template":"","meta":[],"product_brand":[],"product_cat":[32,17],"product_tag":[],"class_list":{"0":"post-386","1":"product","2":"type-product","3":"status-publish","4":"has-post-thumbnail","6":"product_cat-embouchures","7":"product_cat-occasions","9":"first","10":"instock","11":"sold-individually","12":"shipping-taxable","13":"purchasable","14":"product-type-simple"},"_links":{"self":[{"href":"https:\/\/atelierdessoufflants.com\/index.php\/wp-json\/wp\/v2\/product\/386","targetHints":{"allow":["GET"]}}],"collection":[{"href":"https:\/\/atelierdessoufflants.com\/index.php\/wp-json\/wp\/v2\/product"}],"about":[{"href":"https:\/\/atelierdessoufflants.com\/index.php\/wp-json\/wp\/v2\/types\/product"}],"wp:featuredmedia":[{"embeddable":true,"href":"https:\/\/atelierdessoufflants.com\/index.php\/wp-json\/wp\/v2\/media\/387"}],"wp:attachment":[{"href":"https:\/\/atelierdessoufflants.com\/index.php\/wp-json\/wp\/v2\/media?parent=386"}],"wp:term":[{"taxonomy":"product_brand","embeddable":true,"href":"https:\/\/atelierdessoufflants.com\/index.php\/wp-json\/wp\/v2\/product_brand?post=386"},{"taxonomy":"product_cat","embeddable":true,"href":"https:\/\/atelierdessoufflants.com\/index.php\/wp-json\/wp\/v2\/product_cat?post=386"},{"taxonomy":"product_tag","embeddable":true,"href":"https:\/\/atelierdessoufflants.com\/index.php\/wp-json\/wp\/v2\/product_tag?post=386"}],"curies":[{"name":"wp","href":"https:\/\/api.w.org\/{rel}","templated":true}]}}