{"id":382,"date":"2025-04-16T11:21:49","date_gmt":"2025-04-16T09:21:49","guid":{"rendered":"http:\/\/libre.etche.net\/?post_type=product&#038;p=382"},"modified":"2026-01-25T15:37:16","modified_gmt":"2026-01-25T14:37:16","slug":"sousaphone-jupiter-jsh-590-ou-jsp-1110-tbe-4-pistons-branche-neuve-fly-caissehousse-neuve-protec-embouchure-neuve","status":"publish","type":"product","link":"https:\/\/atelierdessoufflants.com\/index.php\/produit\/sousaphone-jupiter-jsh-590-ou-jsp-1110-tbe-4-pistons-branche-neuve-fly-caissehousse-neuve-protec-embouchure-neuve\/","title":{"rendered":"Sousaphone\/Soubassophone JUPITER JSH-590 ou JSP-1110 [TBE ++ 4 PISTONS + branche NEUVE + FLY CAISSE+HOUSSE NEUVE PROTEC+ embouchure NEUVE]"},"content":{"rendered":"<p><strong>GAMME : PRO<\/strong><br \/>\n<strong>ANN\u00c9E : <\/strong><br \/>\n<strong>N\u00b0s\u00e9rie :<\/strong><\/p>\n<p>\u00e9tat g\u00e9n\u00e9ral EXEPTIONNEL POUR UNE OCCASION !!<br \/>\nsousaphone au son rond, puissant et centr\u00e9 !<\/p>\n<p>-fabrication : TAIWAN<br \/>\n-mod\u00e8le:JSH-590 (nouvelle r\u00e9f\u00e9rence JSP-1110) mais le mod\u00e8le est exactement le m\u00eame<br \/>\n-m\u00e9canique\/corps\/pavillon: laiton vernis<br \/>\n-bloc piston d\u00e9montable (un vrai plus pour ma maintenance = baisse du cout d&rsquo;entretien )<br \/>\n-4 pistons:acier inoxydable<br \/>\n-guide pistons d\u00e9montable en plastique et inox<br \/>\n-pavillon:660 mm<br \/>\n-perce:18,5mm<br \/>\n-poids: 14 kg<br \/>\n-avec branche et \u00ab\u00a0tuning bit\u00a0\u00bb neuf (petites rallonge coud\u00e9es)<br \/>\n-avec fly d&rsquo;origine \u00e9tat moyen<\/p>\n<p><strong>Si besoin avec housse sac a dos PROTEC suppl\u00e9mentaire\u00a0 et embouchure PRIX: 4350 euros<\/strong><\/p>\n<p><a href=\"https:\/\/www.jupiter.info\/fr\/instruments\/cuivres\/sousaphones\/1110-series-sousaphone\" target=\"_blank\" rel=\"noopener\">INFOS FABRICANT<\/a><\/p>\n<p><strong>GARANTIE 1 AN<\/strong><\/p>\n<p><strong>Valeur neuf environ 8000 -8500 euros <\/strong><\/p>\n","protected":false},"excerpt":{"rendered":"<p>sousaphone Bb 4 pistons, grosse perce, le plus gros mod\u00e8le de chez JUPITER, SUPERBE \u00c9TAT POUR UNE OCCCASION<\/p>\n","protected":false},"featured_media":381,"template":"","meta":[],"product_brand":[],"product_cat":[17,30],"product_tag":[],"class_list":{"0":"post-382","1":"product","2":"type-product","3":"status-publish","4":"has-post-thumbnail","6":"product_cat-occasions","7":"product_cat-sousaphones","9":"first","10":"instock","11":"sale","12":"sold-individually","13":"shipping-taxable","14":"purchasable","15":"product-type-simple"},"_links":{"self":[{"href":"https:\/\/atelierdessoufflants.com\/index.php\/wp-json\/wp\/v2\/product\/382","targetHints":{"allow":["GET"]}}],"collection":[{"href":"https:\/\/atelierdessoufflants.com\/index.php\/wp-json\/wp\/v2\/product"}],"about":[{"href":"https:\/\/atelierdessoufflants.com\/index.php\/wp-json\/wp\/v2\/types\/product"}],"wp:featuredmedia":[{"embeddable":true,"href":"https:\/\/atelierdessoufflants.com\/index.php\/wp-json\/wp\/v2\/media\/381"}],"wp:attachment":[{"href":"https:\/\/atelierdessoufflants.com\/index.php\/wp-json\/wp\/v2\/media?parent=382"}],"wp:term":[{"taxonomy":"product_brand","embeddable":true,"href":"https:\/\/atelierdessoufflants.com\/index.php\/wp-json\/wp\/v2\/product_brand?post=382"},{"taxonomy":"product_cat","embeddable":true,"href":"https:\/\/atelierdessoufflants.com\/index.php\/wp-json\/wp\/v2\/product_cat?post=382"},{"taxonomy":"product_tag","embeddable":true,"href":"https:\/\/atelierdessoufflants.com\/index.php\/wp-json\/wp\/v2\/product_tag?post=382"}],"curies":[{"name":"wp","href":"https:\/\/api.w.org\/{rel}","templated":true}]}}