{"id":3703,"date":"2025-10-24T19:59:36","date_gmt":"2025-10-24T17:59:36","guid":{"rendered":"https:\/\/atelierdessoufflants.shop\/?post_type=product&#038;p=3703"},"modified":"2025-10-25T18:08:13","modified_gmt":"2025-10-25T16:08:13","slug":"clarinette-sib-jupiter-jcl-731-tout-ebene","status":"publish","type":"product","link":"https:\/\/atelierdessoufflants.com\/index.php\/produit\/clarinette-sib-jupiter-jcl-731-tout-ebene\/","title":{"rendered":"Clarinette Sib JUPITER JCL 731 (tout \u00e9b\u00e8ne)"},"content":{"rendered":"<p>GAMME :\u00a0 semi-pro<br \/>\nN\u00b0s\u00e9rie :<\/p>\n<p>Clarinette\u00a0 \u00e9b\u00e8ne JUPITER JCL 731 (fabrication Taiwan)<br \/>\nUn instrument semi-pro de tr\u00e8s bonne facture<br \/>\n-syst\u00e8me boehm<br \/>\n-viroles de renfort sur chaque tenon<br \/>\n-m\u00e9canique maillechort argent\u00e9<br \/>\n-tout \u00e9b\u00e8ne (grenadille)<\/p>\n<p>parfaitement adapt\u00e9 \u00e0 l&rsquo;apprentissage et au perfectionnement<br \/>\nvendue avec \u00e9tui et bec, \u00e9couvillon, enti\u00e8rement r\u00e9vis\u00e9<\/p>\n<p><strong>GARANTIE 1 AN<\/strong><\/p>\n<p>&nbsp;<\/p>\n","protected":false},"excerpt":{"rendered":"<p>mod\u00e8le tout \u00e9b\u00e8ne, \u00e9tui compact, tr\u00e8s bon instrument<\/p>\n","protected":false},"featured_media":3725,"template":"","meta":[],"product_brand":[75],"product_cat":[36,70,17,47],"product_tag":[],"class_list":{"0":"post-3703","1":"product","2":"type-product","3":"status-publish","4":"has-post-thumbnail","6":"product_brand-jupiter","7":"product_cat-clarinettes","8":"product_cat-clarinettes-occasion-vendu","9":"product_cat-occasions","10":"product_cat-ventes","12":"first","13":"outofstock","14":"sold-individually","15":"shipping-taxable","16":"product-type-simple"},"_links":{"self":[{"href":"https:\/\/atelierdessoufflants.com\/index.php\/wp-json\/wp\/v2\/product\/3703","targetHints":{"allow":["GET"]}}],"collection":[{"href":"https:\/\/atelierdessoufflants.com\/index.php\/wp-json\/wp\/v2\/product"}],"about":[{"href":"https:\/\/atelierdessoufflants.com\/index.php\/wp-json\/wp\/v2\/types\/product"}],"wp:featuredmedia":[{"embeddable":true,"href":"https:\/\/atelierdessoufflants.com\/index.php\/wp-json\/wp\/v2\/media\/3725"}],"wp:attachment":[{"href":"https:\/\/atelierdessoufflants.com\/index.php\/wp-json\/wp\/v2\/media?parent=3703"}],"wp:term":[{"taxonomy":"product_brand","embeddable":true,"href":"https:\/\/atelierdessoufflants.com\/index.php\/wp-json\/wp\/v2\/product_brand?post=3703"},{"taxonomy":"product_cat","embeddable":true,"href":"https:\/\/atelierdessoufflants.com\/index.php\/wp-json\/wp\/v2\/product_cat?post=3703"},{"taxonomy":"product_tag","embeddable":true,"href":"https:\/\/atelierdessoufflants.com\/index.php\/wp-json\/wp\/v2\/product_tag?post=3703"}],"curies":[{"name":"wp","href":"https:\/\/api.w.org\/{rel}","templated":true}]}}