{"id":3655,"date":"2025-10-24T19:30:12","date_gmt":"2025-10-24T17:30:12","guid":{"rendered":"https:\/\/atelierdessoufflants.shop\/?post_type=product&#038;p=3655"},"modified":"2025-10-24T20:11:02","modified_gmt":"2025-10-24T18:11:02","slug":"flute-traversiere-jupiter-jfl-511rs-ii-occasion-tbe","status":"publish","type":"product","link":"https:\/\/atelierdessoufflants.com\/index.php\/produit\/flute-traversiere-jupiter-jfl-511rs-ii-occasion-tbe\/","title":{"rendered":"Fl\u00fbte traversi\u00e8re JUPITER JFL-511RS II [OCCASION TBE +++]"},"content":{"rendered":"<p><strong>GAMME :<\/strong> \u00e9tude<br \/>\n<strong>ANN\u00c9E :<\/strong> 2006<br \/>\n<strong>N\u00b0s\u00e9rie :M78XXX<\/strong><\/p>\n<p>Fl\u00fbte d&rsquo;\u00e9tude Jupiter JFL511RS II, cl\u00e9tage en ligne \u00e0 anneaux.<br \/>\nTr\u00e8s bon \u00e9tat g\u00e9n\u00e9ral, argenture, r\u00e9glages et tampons.<br \/>\nl&rsquo;instrument a tr\u00e8s peu \u00e9tait utilis\u00e9, la m\u00e9canique est en parfait \u00e9tat.<br \/>\nElle \u00e0 \u00e9t\u00e9 enti\u00e8rement r\u00e9vis\u00e9e et contr\u00f4l\u00e9e \u00e0 l&rsquo;atelier, donc en parfait \u00e9tat de marche.<br \/>\nUn instrument parfait pour d\u00e9buter la fl\u00fbte traversi\u00e8re s\u00e9rieusement .<\/p>\n<p>Un mod\u00e8le de JFL511 \u00ab\u00a0upgrad\u00e9e\u00a0\u00bb car elle poss\u00e8de noyau en argent massif et rouleau sur MIb de la patte UT<br \/>\nLivr\u00e9e avec \u00e9tui d&rsquo;origine, housse souple, chiffon argenture et tige \u00e9couvillon en bois.<\/p>\n<p><strong> GARANTIE 1 AN<\/strong><\/p>\n","protected":false},"excerpt":{"rendered":"<p>fl\u00fbte d&rsquo;\u00e9tude cl\u00e9tage en ligne, plateaux creux, parfait pour l&rsquo;apprentissage, TBE<\/p>\n","protected":false},"featured_media":3809,"template":"","meta":[],"product_brand":[],"product_cat":[35,17,47],"product_tag":[],"class_list":{"0":"post-3655","1":"product","2":"type-product","3":"status-publish","4":"has-post-thumbnail","6":"product_cat-flutes-traversieres","7":"product_cat-occasions","8":"product_cat-ventes","10":"first","11":"outofstock","12":"sold-individually","13":"shipping-taxable","14":"product-type-simple"},"_links":{"self":[{"href":"https:\/\/atelierdessoufflants.com\/index.php\/wp-json\/wp\/v2\/product\/3655","targetHints":{"allow":["GET"]}}],"collection":[{"href":"https:\/\/atelierdessoufflants.com\/index.php\/wp-json\/wp\/v2\/product"}],"about":[{"href":"https:\/\/atelierdessoufflants.com\/index.php\/wp-json\/wp\/v2\/types\/product"}],"wp:featuredmedia":[{"embeddable":true,"href":"https:\/\/atelierdessoufflants.com\/index.php\/wp-json\/wp\/v2\/media\/3809"}],"wp:attachment":[{"href":"https:\/\/atelierdessoufflants.com\/index.php\/wp-json\/wp\/v2\/media?parent=3655"}],"wp:term":[{"taxonomy":"product_brand","embeddable":true,"href":"https:\/\/atelierdessoufflants.com\/index.php\/wp-json\/wp\/v2\/product_brand?post=3655"},{"taxonomy":"product_cat","embeddable":true,"href":"https:\/\/atelierdessoufflants.com\/index.php\/wp-json\/wp\/v2\/product_cat?post=3655"},{"taxonomy":"product_tag","embeddable":true,"href":"https:\/\/atelierdessoufflants.com\/index.php\/wp-json\/wp\/v2\/product_tag?post=3655"}],"curies":[{"name":"wp","href":"https:\/\/api.w.org\/{rel}","templated":true}]}}