{"id":3309,"date":"2025-10-23T01:02:55","date_gmt":"2025-10-22T23:02:55","guid":{"rendered":"https:\/\/atelierdessoufflants.shop\/?post_type=product&#038;p=3309"},"modified":"2026-03-20T18:16:48","modified_gmt":"2026-03-20T17:16:48","slug":"3309","status":"publish","type":"product","link":"https:\/\/atelierdessoufflants.com\/index.php\/produit\/3309\/","title":{"rendered":"SELMER MARK VII saxophone alto [+ \u00e9tui PROTEC + tampons neuf]"},"content":{"rendered":"<p><strong>GAMME : Pro<\/strong><br \/>\n<strong>ANN\u00c9E : 1980<\/strong><br \/>\n<strong>N\u00b0s\u00e9rie : 307XXX<\/strong><\/p>\n<p>&nbsp;<\/p>\n<p>saxophone alto Selmer (France) mod\u00e8le Mark VII finitions verni.<br \/>\nEnti\u00e8rement re-tamponn\u00e9e \u00e0 l&rsquo;atelier en tampons cuir r\u00e9sonateurs plastique (martin Chanu France), toutes garnitures chang\u00e9es, ressorts aiguilles TBE,\u00a0 \u00e9tat m\u00e9canique irr\u00e9prochable, tr\u00e8s peu jou\u00e9, aucune usure (axes, m\u00e9canique, chemin\u00e9es), excellent \u00e9tat g\u00e9n\u00e9ral, le verni est piqu\u00e9 \u00e0 quelques petits endroits.<br \/>\nAucune trace de choc ou bosse (pavillon, culasse, corps) sauf une micro trace \u00e0 peine visible vers la cadence d&rsquo;UT.<br \/>\nAchet\u00e9 neuf par son ancien propri\u00e9taire, vous serez donc le deuxi\u00e8me \u00e0 jouer sur ce bel instrument:<br \/>\nGrain, timbre, \u00e9mission et justesse au RDV&#8230;.<\/p>\n<p>Avis aux amateurs,\u00a0 \u00e0 venir essayer a l&rsquo;atelier !<br \/>\navec \u00e9tui valise selmer d&rsquo;origine<br \/>\nsans bec<\/p>\n<p>avec \u00e9tui PROTEC PB304CT bleu (le top qualit\u00e9 et s\u00e9curit\u00e9 robustesse) <strong>2490 euros<br \/>\n<\/strong>avec \u00e9tui PROTEC MX304CT noir (\u00e9tui compact ultra light sac \u00e0 dos top rapport qualit\u00e9 prix)\u00a0 <strong>2400 euros <\/strong><br \/>\npossibilit\u00e9 bec si besoin (en sus)<\/p>\n<p><strong>GARANTIE 1 AN<\/strong><\/p>\n","protected":false},"excerpt":{"rendered":"<p>en superbe \u00e9tat g\u00e9n\u00e9ral, les derniers mod\u00e8les sortie des ateliers SELMER avant le super action 80<\/p>\n","protected":false},"featured_media":3314,"template":"","meta":[],"product_brand":[66],"product_cat":[17,37,47],"product_tag":[],"class_list":{"0":"post-3309","1":"product","2":"type-product","3":"status-publish","4":"has-post-thumbnail","6":"product_brand-henri-selmer-paris","7":"product_cat-occasions","8":"product_cat-saxophones","9":"product_cat-ventes","11":"first","12":"outofstock","13":"sold-individually","14":"shipping-taxable","15":"product-type-simple"},"_links":{"self":[{"href":"https:\/\/atelierdessoufflants.com\/index.php\/wp-json\/wp\/v2\/product\/3309","targetHints":{"allow":["GET"]}}],"collection":[{"href":"https:\/\/atelierdessoufflants.com\/index.php\/wp-json\/wp\/v2\/product"}],"about":[{"href":"https:\/\/atelierdessoufflants.com\/index.php\/wp-json\/wp\/v2\/types\/product"}],"wp:featuredmedia":[{"embeddable":true,"href":"https:\/\/atelierdessoufflants.com\/index.php\/wp-json\/wp\/v2\/media\/3314"}],"wp:attachment":[{"href":"https:\/\/atelierdessoufflants.com\/index.php\/wp-json\/wp\/v2\/media?parent=3309"}],"wp:term":[{"taxonomy":"product_brand","embeddable":true,"href":"https:\/\/atelierdessoufflants.com\/index.php\/wp-json\/wp\/v2\/product_brand?post=3309"},{"taxonomy":"product_cat","embeddable":true,"href":"https:\/\/atelierdessoufflants.com\/index.php\/wp-json\/wp\/v2\/product_cat?post=3309"},{"taxonomy":"product_tag","embeddable":true,"href":"https:\/\/atelierdessoufflants.com\/index.php\/wp-json\/wp\/v2\/product_tag?post=3309"}],"curies":[{"name":"wp","href":"https:\/\/api.w.org\/{rel}","templated":true}]}}