{"id":2834,"date":"2025-10-22T17:44:00","date_gmt":"2025-10-22T15:44:00","guid":{"rendered":"https:\/\/atelierdessoufflants.shop\/?post_type=product&#038;p=2834"},"modified":"2025-10-22T17:44:25","modified_gmt":"2025-10-22T15:44:25","slug":"yamaha-trombone-ysl697z-modele-jazz-petite-perce-tbe","status":"publish","type":"product","link":"https:\/\/atelierdessoufflants.com\/index.php\/produit\/yamaha-trombone-ysl697z-modele-jazz-petite-perce-tbe\/","title":{"rendered":"YAMAHA TROMBONE YSL697Z [ mod\u00e8le jazz, petite perce, TBE]"},"content":{"rendered":"<p><strong>GAMME : Pro<\/strong><br \/>\n<strong>ANN\u00c9E :2002-2011<\/strong><br \/>\n<strong>N\u00b0s\u00e9rie : 353XXX<\/strong><\/p>\n<p>Trombone simple YAMAHA YSL697Z, c<span class=\"tlid-translation translation\" lang=\"fr\">on\u00e7u en coop\u00e9ration avec le c\u00e9l\u00e8bre musicien de jazz Alastair Kay et yamaha pour une sortie au NAMM pour l&rsquo;hiver 2003.<\/span><\/p>\n<p>La gamme Custom Z de chez Yamaha est particuli\u00e8rement adapt\u00e9e au Jazz et musique actuelles.<br \/>\nCe mod\u00e8le 697Z et le pr\u00e9d\u00e9cesseur du 897Z actuel (aux mensurations \u00e9quivalentes, perce &amp; pavillon)<br \/>\nLe 897Z comporte lui en plus un syst\u00e8me de branche d&#8217;embouchure interchangeable.<br \/>\n<span class=\"notranslate\">Fabriqu\u00e9e dans le m\u00eame mat\u00e9riaux que la s\u00e9rie Xeno cette s\u00e9rie offre tout le savoir faire yamaha pour un instrument destin\u00e9 \u00e0 un usage professionnel et intensif.<\/span><br \/>\nLe syst\u00e8me de coulisse \u00e0 tr\u00e8s faible tol\u00e9rance est d&rsquo;une r\u00e9ponse tr\u00e8s souple, rapide et fluide avec une m\u00e9canique renforc\u00e9e et des tol\u00e9rances d&rsquo;ajustage minimales, ce qui offre un confort de jeu ultra l\u00e9ger au touch\u00e9.<\/p>\n<p>-fabrication Japon<br \/>\n-pavillon une seule pi\u00e8ce<br \/>\n-diam\u00e8tre pavillon 190,4mm<br \/>\n-double perce 12.29mm \/ 12.45mm<br \/>\n-tube ext\u00e9rieur coulisse laiton jaune<br \/>\n-coulisse chrom\u00e9<br \/>\n-tubes de jonction en maillechort<br \/>\n-avec \u00e9tui d&rsquo;origine et embouchure GEWA 6.5 AL<\/p>\n<p>Instrument dans un tr\u00e8s bel \u00e9tat, la coulisse n&rsquo;a aucune bosse, trace ou acros, fonctionnement parfait, seul un l\u00e9ger manque de vernis au niveau d&rsquo;un entre deux (voir photos).<\/p>\n<p>\u00e0 venir essayer \u00e0 l&rsquo;atelier, avis aux amateurs&#8230;<\/p>\n<p><strong>Valeur neuf du 897Z\u00a0 mod\u00e8le \u00e9quivalent avec remise environ 2590 euros<br \/>\nGARANTIE 1 AN<\/strong><\/p>\n<p>Alastair Key au trombone dans \u00ab\u00a0Czardas\u00a0\u00bb danse hongroise<\/p>\n<p><iframe loading=\"lazy\" src=\"https:\/\/www.youtube.com\/embed\/IvUCEX27BZg\" width=\"560\" height=\"315\" frameborder=\"0\" allowfullscreen=\"allowfullscreen\"><\/iframe><\/p>\n","protected":false},"excerpt":{"rendered":"<p>mod\u00e8le simple, petite perce, aucune bosse, coulisse vierge extra<\/p>\n","protected":false},"featured_media":2841,"template":"","meta":[],"product_brand":[],"product_cat":[17,31,47],"product_tag":[],"class_list":{"0":"post-2834","1":"product","2":"type-product","3":"status-publish","4":"has-post-thumbnail","6":"product_cat-occasions","7":"product_cat-trombones","8":"product_cat-ventes","10":"first","11":"outofstock","12":"sold-individually","13":"shipping-taxable","14":"product-type-simple"},"_links":{"self":[{"href":"https:\/\/atelierdessoufflants.com\/index.php\/wp-json\/wp\/v2\/product\/2834","targetHints":{"allow":["GET"]}}],"collection":[{"href":"https:\/\/atelierdessoufflants.com\/index.php\/wp-json\/wp\/v2\/product"}],"about":[{"href":"https:\/\/atelierdessoufflants.com\/index.php\/wp-json\/wp\/v2\/types\/product"}],"wp:featuredmedia":[{"embeddable":true,"href":"https:\/\/atelierdessoufflants.com\/index.php\/wp-json\/wp\/v2\/media\/2841"}],"wp:attachment":[{"href":"https:\/\/atelierdessoufflants.com\/index.php\/wp-json\/wp\/v2\/media?parent=2834"}],"wp:term":[{"taxonomy":"product_brand","embeddable":true,"href":"https:\/\/atelierdessoufflants.com\/index.php\/wp-json\/wp\/v2\/product_brand?post=2834"},{"taxonomy":"product_cat","embeddable":true,"href":"https:\/\/atelierdessoufflants.com\/index.php\/wp-json\/wp\/v2\/product_cat?post=2834"},{"taxonomy":"product_tag","embeddable":true,"href":"https:\/\/atelierdessoufflants.com\/index.php\/wp-json\/wp\/v2\/product_tag?post=2834"}],"curies":[{"name":"wp","href":"https:\/\/api.w.org\/{rel}","templated":true}]}}