{"id":2419,"date":"2025-10-22T14:01:33","date_gmt":"2025-10-22T12:01:33","guid":{"rendered":"https:\/\/atelierdessoufflants.shop\/?post_type=product&#038;p=2419"},"modified":"2025-10-22T14:01:33","modified_gmt":"2025-10-22T12:01:33","slug":"trombone-a-pistons-king-3b-concert-vernis-tbe-flight-dorigine-embouchure-neuve","status":"publish","type":"product","link":"https:\/\/atelierdessoufflants.com\/index.php\/produit\/trombone-a-pistons-king-3b-concert-vernis-tbe-flight-dorigine-embouchure-neuve\/","title":{"rendered":"trombone \u00e0 pistons KING 3B \u00a0\u00bbCONCERT\u00a0\u00bb vernis [TBE ++ flight d&rsquo;origine, embouchure neuve]"},"content":{"rendered":"<p><strong>GAMME : PRO<\/strong><br \/>\n<strong>ANN\u00c9E : 1978-1980<br \/>\nN\u00b0S\u00c9RIE:691968<br \/>\n<\/strong><\/p>\n<p>Trombone \u00e0 pistons King 3B \u00ab\u00a0CONCERT\u00a0\u00bb, mod\u00e8le pro fabriqu\u00e9 au USA \u00e0 (Ohio)<br \/>\npistonnage en super \u00e9tat, tr\u00e8s bon \u00e9tat g\u00e9n\u00e9ral,\u00a0 quelques traces de rayures<br \/>\nenti\u00e8rement r\u00e9vis\u00e9 et contr\u00f4l\u00e9 dans nos atelier (nettoyage, graissage, feutres neuf, cl\u00e9 d&rsquo;eau ok)<br \/>\npossibilit\u00e9 de mettre sur demande une coulisse\u00a0 king 3B finition vernis tarif 990 euros<br \/>\nFourni avec embouchure neuve 6.5 AL et huile pistons T2 la tromba<\/p>\n<p><strong>caract\u00e9ristiques :<br \/>\n<\/strong>tonalit\u00e9 : Bb<br \/>\nperce 12.9 mm<br \/>\npavillon 203 mm pavillon laiton<br \/>\ncoulisse ext\u00e9rieure en maillechort<br \/>\npoids interchangeable<br \/>\n\u00e9tui rigide coque<br \/>\nfinition verni<br \/>\nfabriqu\u00e9 dans l&rsquo;Ohio (USA) site de production de EastLake<\/p>\n<p><strong>Valeur neuf environ 3300\u00a0 euros avec remises<br \/>\nGARANTIE 1 AN<\/strong><\/p>\n","protected":false},"excerpt":{"rendered":"<p>mod\u00e8le pro, m\u00e9canique en TBE, tr\u00e8s peu servie, mod\u00e8le toujours au catalogue King depuis les ann\u00e9es 50&rsquo;s<\/p>\n","protected":false},"featured_media":2427,"template":"","meta":[],"product_brand":[],"product_cat":[17,31,47],"product_tag":[],"class_list":{"0":"post-2419","1":"product","2":"type-product","3":"status-publish","4":"has-post-thumbnail","6":"product_cat-occasions","7":"product_cat-trombones","8":"product_cat-ventes","10":"first","11":"outofstock","12":"sold-individually","13":"shipping-taxable","14":"product-type-simple"},"_links":{"self":[{"href":"https:\/\/atelierdessoufflants.com\/index.php\/wp-json\/wp\/v2\/product\/2419","targetHints":{"allow":["GET"]}}],"collection":[{"href":"https:\/\/atelierdessoufflants.com\/index.php\/wp-json\/wp\/v2\/product"}],"about":[{"href":"https:\/\/atelierdessoufflants.com\/index.php\/wp-json\/wp\/v2\/types\/product"}],"wp:featuredmedia":[{"embeddable":true,"href":"https:\/\/atelierdessoufflants.com\/index.php\/wp-json\/wp\/v2\/media\/2427"}],"wp:attachment":[{"href":"https:\/\/atelierdessoufflants.com\/index.php\/wp-json\/wp\/v2\/media?parent=2419"}],"wp:term":[{"taxonomy":"product_brand","embeddable":true,"href":"https:\/\/atelierdessoufflants.com\/index.php\/wp-json\/wp\/v2\/product_brand?post=2419"},{"taxonomy":"product_cat","embeddable":true,"href":"https:\/\/atelierdessoufflants.com\/index.php\/wp-json\/wp\/v2\/product_cat?post=2419"},{"taxonomy":"product_tag","embeddable":true,"href":"https:\/\/atelierdessoufflants.com\/index.php\/wp-json\/wp\/v2\/product_tag?post=2419"}],"curies":[{"name":"wp","href":"https:\/\/api.w.org\/{rel}","templated":true}]}}