{"id":2171,"date":"2025-10-22T13:00:19","date_gmt":"2025-10-22T11:00:19","guid":{"rendered":"https:\/\/atelierdessoufflants.shop\/?post_type=product&#038;p=2171"},"modified":"2025-10-25T18:11:26","modified_gmt":"2025-10-25T16:11:26","slug":"clarinette-yamaha-ycl450-modele-expo-etat-neuf-livraison-offerte","status":"publish","type":"product","link":"https:\/\/atelierdessoufflants.com\/index.php\/produit\/clarinette-yamaha-ycl450-modele-expo-etat-neuf-livraison-offerte\/","title":{"rendered":"Clarinette YAMAHA YCL450 [MOD\u00c8LE EXPO \u00c9TAT NEUF!!   [LIVRAISON OFFERTE]"},"content":{"rendered":"<p><strong>GAMME : \u00e9tude ++<\/strong><br \/>\n<strong>ANN\u00c9E : 2021<\/strong><br \/>\n<strong>N\u00b0s\u00e9rie :141XXX<\/strong><\/p>\n<p>Un mod\u00e8le d&rsquo;\u00e9tude s\u00e9rieux tout \u00e9b\u00e8ne de grande qualit\u00e9 de la c\u00e9l\u00e8bre marque japonaise.<br \/>\nMod\u00e8le d&rsquo;expo en \u00e9tat neuf, une l\u00e9g\u00e8re imperfection tr\u00e8s peu visible sur une cl\u00e9.<\/p>\n<p>&nbsp;<\/p>\n<p><strong>Sp\u00e9cifications :<\/strong><\/p>\n<p>&#8211; Corps en grenadille<br \/>\n&#8211; Cl\u00e9tage forg\u00e9 pour une plus grande r\u00e9sistance dans le temps<br \/>\n&#8211; \u00c9tui compact, robuste, styl\u00e9 et facile \u00e0 ranger (adapt\u00e9 \u00e0 l&rsquo;usage scolaire)<br \/>\n&#8211; Vis pivots avec t\u00eate \u00e9quip\u00e9es d\u2019un frein en plastique pour un blocage parfait<br \/>\n&#8211; Baril de 65 mm<br \/>\n&#8211; Tampons baudruche<br \/>\n&#8211; Chemin\u00e9es rapport\u00e9es cylindriques : assurent un son clair et stable<br \/>\n&#8211; Chambre de r\u00e9sonance dans le pavillon &#8211; accro\u00eet la projection et am\u00e9liore l&rsquo;intonation dans les basses<br \/>\n&#8211; Ressorts en acier tremp\u00e9 &#8211; apportent au cl\u00e9tage un toucher plus l\u00e9ger tout en produisant une action douce et rapide<br \/>\n&#8211; Bec 4C<\/p>\n<p><a href=\"https:\/\/fr.yamaha.com\/fr\/products\/musical_instruments\/winds\/clarinets\/ycl-450\/index.html\" target=\"_blank\" rel=\"noopener\"> INFOS FABRICANT<\/a><\/p>\n<p>&nbsp;<\/p>\n<p><strong>Valeur neuf catalogue 1334 euros<\/strong><\/p>\n<p><strong> GARANTIE 2 ANS<\/strong><\/p>\n","protected":false},"excerpt":{"rendered":"<p>mod\u00e8le EXPO \u00e9tat neuf, tout \u00e9b\u00e8ne, made in JAPAN<\/p>\n","protected":false},"featured_media":2193,"template":"","meta":[],"product_brand":[71],"product_cat":[36,70,17,47],"product_tag":[],"class_list":{"0":"post-2171","1":"product","2":"type-product","3":"status-publish","4":"has-post-thumbnail","6":"product_brand-yamaha","7":"product_cat-clarinettes","8":"product_cat-clarinettes-occasion-vendu","9":"product_cat-occasions","10":"product_cat-ventes","12":"first","13":"outofstock","14":"sold-individually","15":"shipping-taxable","16":"product-type-simple"},"_links":{"self":[{"href":"https:\/\/atelierdessoufflants.com\/index.php\/wp-json\/wp\/v2\/product\/2171","targetHints":{"allow":["GET"]}}],"collection":[{"href":"https:\/\/atelierdessoufflants.com\/index.php\/wp-json\/wp\/v2\/product"}],"about":[{"href":"https:\/\/atelierdessoufflants.com\/index.php\/wp-json\/wp\/v2\/types\/product"}],"wp:featuredmedia":[{"embeddable":true,"href":"https:\/\/atelierdessoufflants.com\/index.php\/wp-json\/wp\/v2\/media\/2193"}],"wp:attachment":[{"href":"https:\/\/atelierdessoufflants.com\/index.php\/wp-json\/wp\/v2\/media?parent=2171"}],"wp:term":[{"taxonomy":"product_brand","embeddable":true,"href":"https:\/\/atelierdessoufflants.com\/index.php\/wp-json\/wp\/v2\/product_brand?post=2171"},{"taxonomy":"product_cat","embeddable":true,"href":"https:\/\/atelierdessoufflants.com\/index.php\/wp-json\/wp\/v2\/product_cat?post=2171"},{"taxonomy":"product_tag","embeddable":true,"href":"https:\/\/atelierdessoufflants.com\/index.php\/wp-json\/wp\/v2\/product_tag?post=2171"}],"curies":[{"name":"wp","href":"https:\/\/api.w.org\/{rel}","templated":true}]}}