{"id":1999,"date":"2025-10-22T12:18:11","date_gmt":"2025-10-22T10:18:11","guid":{"rendered":"https:\/\/atelierdessoufflants.shop\/?post_type=product&#038;p=1999"},"modified":"2026-03-20T18:34:39","modified_gmt":"2026-03-20T17:34:39","slug":"yamaha-yts-62-saxophone-tenor-en-tbe-annee-2017-1er-main-gamme-pro","status":"publish","type":"product","link":"https:\/\/atelierdessoufflants.com\/index.php\/produit\/yamaha-yts-62-saxophone-tenor-en-tbe-annee-2017-1er-main-gamme-pro\/","title":{"rendered":"YAMAHA YTS-62 SAXOPHONE TENOR  [en TBE, ann\u00e9e 2017, 1er main, gamme PRO]"},"content":{"rendered":"<p><strong>GAMME : \u00e9tude<\/strong><br \/>\n<strong>ANN\u00c9E : 2017<\/strong><br \/>\n<strong>N\u00b0s\u00e9rie : 53XXX<\/strong><\/p>\n<p>&nbsp;<\/p>\n<p>saxophone professionnel YAMAHA YTS62 finition vernis grav\u00e9.<\/p>\n<p>achet\u00e9 neuf en 2017 par son ancien propri\u00e9taire.<\/p>\n<p>en TBE, parfait \u00e9tat de marche, aucune trace de r\u00e9paration ou choc, r\u00e9vision ok<\/p>\n<p>Quelques l\u00e9g\u00e8res traces de fonctionnement normales tout de m\u00eame<\/p>\n<p>avec \u00e9tui d&rsquo;origine (sans bec)<\/p>\n<p>&nbsp;<\/p>\n<p>essayable sur RDV,<\/p>\n<p><a href=\"https:\/\/fr.yamaha.com\/fr\/products\/musical_instruments\/winds\/saxophones\/yts-62\/index.html\" target=\"_blank\" rel=\"noopener\">INFOS FABRICANT <\/a><\/p>\n<p>&nbsp;<\/p>\n<p><strong>GARANTIE 1 AN<\/strong><\/p>\n<p><strong>Valeur neuf catalogue 4300 euros 3600 avec remises\u00a0 <\/strong><\/p>\n","protected":false},"excerpt":{"rendered":"<p>t\u00e9nor yamaha PRO polyvalent en parfait \u00e9tat<\/p>\n","protected":false},"featured_media":2006,"template":"","meta":[],"product_brand":[71],"product_cat":[17,37,47],"product_tag":[],"class_list":{"0":"post-1999","1":"product","2":"type-product","3":"status-publish","4":"has-post-thumbnail","6":"product_brand-yamaha","7":"product_cat-occasions","8":"product_cat-saxophones","9":"product_cat-ventes","11":"first","12":"outofstock","13":"sold-individually","14":"shipping-taxable","15":"product-type-simple"},"_links":{"self":[{"href":"https:\/\/atelierdessoufflants.com\/index.php\/wp-json\/wp\/v2\/product\/1999","targetHints":{"allow":["GET"]}}],"collection":[{"href":"https:\/\/atelierdessoufflants.com\/index.php\/wp-json\/wp\/v2\/product"}],"about":[{"href":"https:\/\/atelierdessoufflants.com\/index.php\/wp-json\/wp\/v2\/types\/product"}],"wp:featuredmedia":[{"embeddable":true,"href":"https:\/\/atelierdessoufflants.com\/index.php\/wp-json\/wp\/v2\/media\/2006"}],"wp:attachment":[{"href":"https:\/\/atelierdessoufflants.com\/index.php\/wp-json\/wp\/v2\/media?parent=1999"}],"wp:term":[{"taxonomy":"product_brand","embeddable":true,"href":"https:\/\/atelierdessoufflants.com\/index.php\/wp-json\/wp\/v2\/product_brand?post=1999"},{"taxonomy":"product_cat","embeddable":true,"href":"https:\/\/atelierdessoufflants.com\/index.php\/wp-json\/wp\/v2\/product_cat?post=1999"},{"taxonomy":"product_tag","embeddable":true,"href":"https:\/\/atelierdessoufflants.com\/index.php\/wp-json\/wp\/v2\/product_tag?post=1999"}],"curies":[{"name":"wp","href":"https:\/\/api.w.org\/{rel}","templated":true}]}}