{"id":1302,"date":"2025-06-04T14:55:08","date_gmt":"2025-06-04T12:55:08","guid":{"rendered":"https:\/\/atelierdessoufflants.shop\/?post_type=product&#038;p=1302"},"modified":"2025-12-16T20:20:16","modified_gmt":"2025-12-16T19:20:16","slug":"papapet","status":"publish","type":"product","link":"https:\/\/atelierdessoufflants.com\/index.php\/produit\/papapet\/","title":{"rendered":"ROY-BENSON EP302  EUPHONIUM Bb 3+1VERNIS [\u00c9TAT TBE +++ mod\u00e8le 2022, avec \u00e9tui d&rsquo;origine et embouchure]"},"content":{"rendered":"<p><strong>GAMME : \u00c9TUDE<\/strong><br \/>\n<strong>ANN\u00c9E : 2022<\/strong><br \/>\n<strong>N\u00b0s\u00e9rie : 12210358<\/strong><\/p>\n<p>Euphonium\u00a0Roy-Benson Sib EP-302<\/p>\n<div class=\"col-12 mb-2 d-flex\">\n<p>Perce: 14,5 &#8211; 16,8mm<br \/>\nCorps en laiton<br \/>\nPavillon \u00d8 28cm<br \/>\nBranche d&#8217;embouchure en cuivre rose<br \/>\nCoulisses ext. en maillechort<br \/>\n4 pistons (3+1 non compens\u00e9)<br \/>\nPistons en acier fin<br \/>\nFinition: laiton verni<br \/>\nEtui forme l\u00e9ger avec garniture sac \u00e0 dos<br \/>\nPoids env. 3,7 kg<\/p>\n<\/div>\n<p>Reprise client d\u00e9cembre 2024, achet\u00e9 \u00e0 l&rsquo;atelier en 2022, enti\u00e8rement r\u00e9vis\u00e9 et contr\u00f4l\u00e9, parfait \u00e9tat de marche.<\/p>\n<p><strong>Valeur neuf environ 1200 euros<br \/>\nGARANTIE 1 AN<\/strong><\/p>\n","protected":false},"excerpt":{"rendered":"<p>Occasion Tr\u00e8s bon \u00e9tat, mod\u00e8le 2022, quelques l\u00e9g\u00e8res imperfection vernis, R\u00e9vision OK, peu servi<\/p>\n","protected":false},"featured_media":1376,"template":"","meta":[],"product_brand":[85],"product_cat":[17,19],"product_tag":[],"class_list":{"0":"post-1302","1":"product","2":"type-product","3":"status-publish","4":"has-post-thumbnail","6":"product_brand-roy-benson","7":"product_cat-occasions","8":"product_cat-tubas-euphoniuns-saxhorns","10":"first","11":"instock","12":"sold-individually","13":"shipping-taxable","14":"purchasable","15":"product-type-simple"},"_links":{"self":[{"href":"https:\/\/atelierdessoufflants.com\/index.php\/wp-json\/wp\/v2\/product\/1302","targetHints":{"allow":["GET"]}}],"collection":[{"href":"https:\/\/atelierdessoufflants.com\/index.php\/wp-json\/wp\/v2\/product"}],"about":[{"href":"https:\/\/atelierdessoufflants.com\/index.php\/wp-json\/wp\/v2\/types\/product"}],"wp:featuredmedia":[{"embeddable":true,"href":"https:\/\/atelierdessoufflants.com\/index.php\/wp-json\/wp\/v2\/media\/1376"}],"wp:attachment":[{"href":"https:\/\/atelierdessoufflants.com\/index.php\/wp-json\/wp\/v2\/media?parent=1302"}],"wp:term":[{"taxonomy":"product_brand","embeddable":true,"href":"https:\/\/atelierdessoufflants.com\/index.php\/wp-json\/wp\/v2\/product_brand?post=1302"},{"taxonomy":"product_cat","embeddable":true,"href":"https:\/\/atelierdessoufflants.com\/index.php\/wp-json\/wp\/v2\/product_cat?post=1302"},{"taxonomy":"product_tag","embeddable":true,"href":"https:\/\/atelierdessoufflants.com\/index.php\/wp-json\/wp\/v2\/product_tag?post=1302"}],"curies":[{"name":"wp","href":"https:\/\/api.w.org\/{rel}","templated":true}]}}