{"id":1100,"date":"2025-05-05T13:15:26","date_gmt":"2025-05-05T11:15:26","guid":{"rendered":"http:\/\/libre.etche.net\/?post_type=product&#038;p=1100"},"modified":"2025-10-22T10:45:23","modified_gmt":"2025-10-22T08:45:23","slug":"embouchures-trompette-schilke-standard-gp-plaque-or-occasion-tbe-ou-etat-neuf-avec-boite-dorigine","status":"publish","type":"product","link":"https:\/\/atelierdessoufflants.com\/index.php\/produit\/embouchures-trompette-schilke-standard-gp-plaque-or-occasion-tbe-ou-etat-neuf-avec-boite-dorigine\/","title":{"rendered":"EMBOUCHURES TROMPETTE SCHILKE \u00a0\u00bbSTANDARD GP plaqu\u00e9 OR\u00a0\u00bb [OCCASION TBE ou ETAT NEUF avec boite d&rsquo;origine]"},"content":{"rendered":"<p><span style=\"font-size: 12px;\"><span style=\"font-size: 13px;\"><strong>S\u00e9rie Standard plaqu\u00e9 OR: <\/strong><\/span>\u00e9tat neuf ou TBE avec boite<\/span><span style=\"font-size: 12px;\">: <\/span><strong><span style=\"font-size: 12px;\"><br \/>\n<\/span><\/strong><a href=\"https:\/\/www.schilkemusic.com\/products\/mouthpieces\/trumpet\/#standard-series\" target=\"_blank\" rel=\"noopener\"><strong>INFOS SCHILKE <\/strong><\/a><\/p>\n<p><span style=\"font-size: 12px;\"><strong>15A4A<br \/>\n17<br \/>\n18<br \/>\n<\/strong><\/span><\/p>\n<p><span style=\"font-size: 12px;\"><strong>Prix NEUF pratiqu\u00e9 : 275 euros<\/strong><\/span><\/p>\n","protected":false},"excerpt":{"rendered":"<p>grand lot d&#8217;embouchures d&rsquo;occasion en tr\u00e8s bel \u00e9tat ou \u00e9tat neuf, argenture ou plaquage or 100%, avec leur boite d&rsquo;origine<\/p>\n","protected":false},"featured_media":1101,"template":"","meta":[],"product_brand":[],"product_cat":[32,17],"product_tag":[],"class_list":{"0":"post-1100","1":"product","2":"type-product","3":"status-publish","4":"has-post-thumbnail","6":"product_cat-embouchures","7":"product_cat-occasions","9":"first","10":"instock","11":"sold-individually","12":"shipping-taxable","13":"purchasable","14":"product-type-simple"},"_links":{"self":[{"href":"https:\/\/atelierdessoufflants.com\/index.php\/wp-json\/wp\/v2\/product\/1100","targetHints":{"allow":["GET"]}}],"collection":[{"href":"https:\/\/atelierdessoufflants.com\/index.php\/wp-json\/wp\/v2\/product"}],"about":[{"href":"https:\/\/atelierdessoufflants.com\/index.php\/wp-json\/wp\/v2\/types\/product"}],"wp:featuredmedia":[{"embeddable":true,"href":"https:\/\/atelierdessoufflants.com\/index.php\/wp-json\/wp\/v2\/media\/1101"}],"wp:attachment":[{"href":"https:\/\/atelierdessoufflants.com\/index.php\/wp-json\/wp\/v2\/media?parent=1100"}],"wp:term":[{"taxonomy":"product_brand","embeddable":true,"href":"https:\/\/atelierdessoufflants.com\/index.php\/wp-json\/wp\/v2\/product_brand?post=1100"},{"taxonomy":"product_cat","embeddable":true,"href":"https:\/\/atelierdessoufflants.com\/index.php\/wp-json\/wp\/v2\/product_cat?post=1100"},{"taxonomy":"product_tag","embeddable":true,"href":"https:\/\/atelierdessoufflants.com\/index.php\/wp-json\/wp\/v2\/product_tag?post=1100"}],"curies":[{"name":"wp","href":"https:\/\/api.w.org\/{rel}","templated":true}]}}