{"id":1046,"date":"2025-04-30T10:17:40","date_gmt":"2025-04-30T08:17:40","guid":{"rendered":"http:\/\/libre.etche.net\/?post_type=product&#038;p=1046"},"modified":"2026-03-20T18:46:39","modified_gmt":"2026-03-20T17:46:39","slug":"selmer-saxophone-alto-mark-vi-argente-annee-1963-avec-fa-aigu-1er-main","status":"publish","type":"product","link":"https:\/\/atelierdessoufflants.com\/index.php\/produit\/selmer-saxophone-alto-mark-vi-argente-annee-1963-avec-fa-aigu-1er-main\/","title":{"rendered":"SELMER SAXOPHONE ALTO MARK VI argent\u00e9 [ ann\u00e9e 1963, avec fa# aigu, 1er main]"},"content":{"rendered":"<p><strong>GAMME : PRO<\/strong><br \/>\n<strong>ANN\u00c9E :1963<\/strong><br \/>\n<strong>N\u00b0s\u00e9rie : 107XXX<\/strong><\/p>\n<p>authentique saxophone alto selmer mark VI argent\u00e9 , avec fa# aigu, ann\u00e9e 1963 (1 er main)<\/p>\n<p>Enti\u00e8rement remise en \u00e9tat avec tampons cuir r\u00e9sonateur INOX Martin Chanu (France) peau noire<\/p>\n<p>Avis aux passionn\u00e9s et amateurs !<\/p>\n<p><strong>\u00a0<\/strong><\/p>\n<p><strong>GARANTIE 1 AN<\/strong><\/p>\n","protected":false},"excerpt":{"rendered":"<p>mod\u00e8le mythique, avis aux amateurs et passionn\u00e9s<\/p>\n","protected":false},"featured_media":1740,"template":"","meta":[],"product_brand":[66],"product_cat":[17,37,47],"product_tag":[],"class_list":{"0":"post-1046","1":"product","2":"type-product","3":"status-publish","4":"has-post-thumbnail","6":"product_brand-henri-selmer-paris","7":"product_cat-occasions","8":"product_cat-saxophones","9":"product_cat-ventes","11":"first","12":"outofstock","13":"sold-individually","14":"shipping-taxable","15":"product-type-simple"},"_links":{"self":[{"href":"https:\/\/atelierdessoufflants.com\/index.php\/wp-json\/wp\/v2\/product\/1046","targetHints":{"allow":["GET"]}}],"collection":[{"href":"https:\/\/atelierdessoufflants.com\/index.php\/wp-json\/wp\/v2\/product"}],"about":[{"href":"https:\/\/atelierdessoufflants.com\/index.php\/wp-json\/wp\/v2\/types\/product"}],"wp:featuredmedia":[{"embeddable":true,"href":"https:\/\/atelierdessoufflants.com\/index.php\/wp-json\/wp\/v2\/media\/1740"}],"wp:attachment":[{"href":"https:\/\/atelierdessoufflants.com\/index.php\/wp-json\/wp\/v2\/media?parent=1046"}],"wp:term":[{"taxonomy":"product_brand","embeddable":true,"href":"https:\/\/atelierdessoufflants.com\/index.php\/wp-json\/wp\/v2\/product_brand?post=1046"},{"taxonomy":"product_cat","embeddable":true,"href":"https:\/\/atelierdessoufflants.com\/index.php\/wp-json\/wp\/v2\/product_cat?post=1046"},{"taxonomy":"product_tag","embeddable":true,"href":"https:\/\/atelierdessoufflants.com\/index.php\/wp-json\/wp\/v2\/product_tag?post=1046"}],"curies":[{"name":"wp","href":"https:\/\/api.w.org\/{rel}","templated":true}]}}